{"id":3892,"date":"2025-11-21T10:22:20","date_gmt":"2025-11-21T09:22:20","guid":{"rendered":"https:\/\/spainbytrain.org\/villena\/"},"modified":"2025-11-25T13:28:48","modified_gmt":"2025-11-25T12:28:48","slug":"villena","status":"publish","type":"page","link":"https:\/\/spainbytrain.org\/fr\/villena\/","title":{"rendered":"Villena"},"content":{"rendered":"\t\t<div data-elementor-type=\"wp-page\" data-elementor-id=\"3892\" class=\"elementor elementor-3892 elementor-1039\">\n\t\t\t\t<div class=\"elementor-element elementor-element-7987924 contenedor-imagen e-flex e-con-boxed e-con e-parent\" data-id=\"7987924\" data-element_type=\"container\" data-e-type=\"container\" data-settings=\"{&quot;background_background&quot;:&quot;video&quot;,&quot;background_video_link&quot;:&quot;https:\\\/\\\/www.youtube.com\\\/watch?v=nH4GhR_9k8Y&quot;,&quot;background_play_on_mobile&quot;:&quot;yes&quot;}\">\n\t\t\t\t\t<div class=\"e-con-inner\">\n\t\t<div class=\"elementor-background-video-container\">\n\t\t\t\t\t\t\t<div class=\"elementor-background-video-embed\" role=\"presentation\"><\/div>\n\t\t\t\t\t\t<\/div><div class=\"elementor-element elementor-element-5c99ca6 texto-encima e-flex e-con-boxed e-con e-child\" data-id=\"5c99ca6\" data-element_type=\"container\" data-e-type=\"container\" data-settings=\"{&quot;position&quot;:&quot;absolute&quot;}\">\n\t\t\t\t\t<div class=\"e-con-inner\">\n\t\t\t\t<div class=\"elementor-element elementor-element-2ec472c elementor-widget elementor-widget-heading\" data-id=\"2ec472c\" data-element_type=\"widget\" data-e-type=\"widget\" data-widget_type=\"heading.default\">\n\t\t\t\t<div class=\"elementor-widget-container\">\n\t\t\t\t\t<h1 class=\"elementor-heading-title elementor-size-default\">Villena<\/h1>\t\t\t\t<\/div>\n\t\t\t\t<\/div>\n\t\t\t\t<div class=\"elementor-element elementor-element-e97c9f3 elementor-widget elementor-widget-text-editor\" data-id=\"e97c9f3\" data-element_type=\"widget\" data-e-type=\"widget\" data-widget_type=\"text-editor.default\">\n\t\t\t\t<div class=\"elementor-widget-container\">\n\t\t\t\t\t\t\t\t\t<a class=\"boton\" href=\"https:\/\/www.civitatis.com\/es\/villena\/?aid=108634\" target=\"_blank\" rel=\"noopener\">EXP\u00c9RIENCES <img decoding=\"async\" class=\"icono-flecha\" src=\"https:\/\/spainbytrain.org\/wp-content\/themes\/spainbytrain\/img\/icono-flecha.png\" alt=\"flecha\"> <img decoding=\"async\" class=\"logo-civitatis\" src=\"https:\/\/spainbytrain.org\/wp-content\/themes\/spainbytrain\/img\/civitatis_logo.png\" alt=\"civitatis\"><\/a>\n<a class=\"boton\" href=\"https:\/\/www.thetrainline.com\/es\" target=\"_blank\" rel=\"noopener\">\n BILLETS\n<img decoding=\"async\" class=\"logo-trainline\" src=\"https:\/\/spainbytrain.org\/wp-content\/uploads\/sites\/17\/2025\/11\/trainline-green-vectorial.png\" alt=\"trainline\"> DE TRAIN\n\n<img decoding=\"async\" class=\"icono-flecha\" src=\"https:\/\/spainbytrain.org\/wp-content\/themes\/spainbytrain\/img\/icono-flecha.png\" alt=\"flecha\">        <\/a> \t\t\t\t\t\t\t\t<\/div>\n\t\t\t\t<\/div>\n\t\t\t\t\t<\/div>\n\t\t\t\t<\/div>\n\t\t\t\t\t<\/div>\n\t\t\t\t<\/div>\n\t\t<div class=\"elementor-element elementor-element-1aab0cf e-con-full container-texto-ciudades e-flex e-con e-parent\" data-id=\"1aab0cf\" data-element_type=\"container\" data-e-type=\"container\">\n\t\t<div class=\"elementor-element elementor-element-d9cc609   e-con-full e-flex e-con e-child\" data-id=\"d9cc609\" data-element_type=\"container\" data-e-type=\"container\">\n\t\t\t\t<div class=\"elementor-element elementor-element-9ad8beb texto-columnas elementor-widget elementor-widget-text-editor\" data-id=\"9ad8beb\" data-element_type=\"widget\" data-e-type=\"widget\" data-widget_type=\"text-editor.default\">\n\t\t\t\t<div class=\"elementor-widget-container\">\n\t\t\t\t\t\t\t\t\t<p>Villena est une commune de la Communaut\u00e9 valencienne, situ\u00e9e au nord de la province d\u2019Alicante.<\/p>\n<p>Comme attraction touristique, la ville est domin\u00e9e par son ch\u00e2teau de la Atalaya, une forteresse m\u00e9diterran\u00e9enne qui fut jadis une fronti\u00e8re entre royaumes. Au mois de mars, on y c\u00e9l\u00e8bre les f\u00eates du Moyen \u00c2ge, o\u00f9 l\u2019on peut assister au Championnat national de combats m\u00e9di\u00e9vaux. <\/p>\n<p>Une autre \u00e9tape embl\u00e9matique est la visite du Th\u00e9\u00e2tre Chap\u00ed, qui fonctionne comme l\u2019\u00e9picentre culturel de la r\u00e9gion de l\u2019Alto Vinalop\u00f3. Il doit son nom au compositeur natif de la ville, Ruperto Chap\u00ed. <\/p>\n<p>Le t\u00e9moignage de son importante histoire est pr\u00e9sent au Mus\u00e9e municipal, avec son Tr\u00e9sor, o\u00f9 l\u2019on peut d\u00e9couvrir des pi\u00e8ces de plus de 3 000 ans d\u2019anciennet\u00e9. Le caract\u00e8re frontalier de Villena, carrefour entre la Meseta et la M\u00e9diterran\u00e9e, s\u2019est directement refl\u00e9t\u00e9 dans sa gastronomie locale. Ainsi, ses recettes sont clairement influenc\u00e9es par la cuisine m\u00e9diterran\u00e9enne et celle de La Manche, les produits du potager \u00e9tant son plus grand tr\u00e9sor.   <\/p>\n<br><div class=\"contenedor-enlaces\">\n\t<img decoding=\"async\" src=\"https:\/\/spainbytrain.org\/wp-content\/themes\/spainbytrain\/img\/icono-de-mas.png\">\n\t<div class=\"enlaces\">\n\t\t<a href=\"https:\/\/turismovillena.com\/\" target=\"_blank\" rel=\"noopener\">turismovillena.com<\/a>\n\t<\/div>\n<\/div>\t\t\t\t\t\t\t\t<\/div>\n\t\t\t\t<\/div>\n\t\t\t\t<\/div>\n\t\t<div class=\"elementor-element elementor-element-3efe86f e-con-full paddingImprescindible e-flex e-con e-child\" data-id=\"3efe86f\" data-element_type=\"container\" data-e-type=\"container\" id=\"containImprescindible\">\n\t\t\t\t<div class=\"elementor-element elementor-element-70e7a5a titulo-imprescindibles e-transform elementor-widget elementor-widget-heading\" data-id=\"70e7a5a\" data-element_type=\"widget\" data-e-type=\"widget\" data-settings=\"{&quot;_transform_scale_effect&quot;:{&quot;unit&quot;:&quot;px&quot;,&quot;size&quot;:&quot;1&quot;,&quot;sizes&quot;:[]},&quot;_transform_scale_effect_tablet&quot;:{&quot;unit&quot;:&quot;px&quot;,&quot;size&quot;:&quot;&quot;,&quot;sizes&quot;:[]},&quot;_transform_scale_effect_mobile&quot;:{&quot;unit&quot;:&quot;px&quot;,&quot;size&quot;:&quot;&quot;,&quot;sizes&quot;:[]}}\" data-widget_type=\"heading.default\">\n\t\t\t\t<div class=\"elementor-widget-container\">\n\t\t\t\t\t<h1 class=\"elementor-heading-title elementor-size-default\">Incontournables<\/h1>\t\t\t\t<\/div>\n\t\t\t\t<\/div>\n\t\t\t\t<div class=\"elementor-element elementor-element-280896c flecha elementor-widget elementor-widget-image\" data-id=\"280896c\" data-element_type=\"widget\" data-e-type=\"widget\" data-widget_type=\"image.default\">\n\t\t\t\t<div class=\"elementor-widget-container\">\n\t\t\t\t\t\t\t\t\t\t\t\t\t\t\t<img decoding=\"async\" src=\"https:\/\/spainbytrain.org\/wp-content\/uploads\/sites\/17\/elementor\/thumbs\/icono-flechaAbajo-r45dq4d0ug9renwown1dmgena0kljy5botiq78ifww.png\" title=\"icono-flechaAbajo\" alt=\"icono-flechaAbajo\" loading=\"lazy\" \/>\t\t\t\t\t\t\t\t\t\t\t\t\t\t\t<\/div>\n\t\t\t\t<\/div>\n\t\t\t\t<\/div>\n\t\t\t\t<\/div>\n\t\t<div class=\"elementor-element elementor-element-4f3a73f boldest_map_destino_wrapper e-flex e-con-boxed e-con e-parent\" data-id=\"4f3a73f\" data-element_type=\"container\" data-e-type=\"container\">\n\t\t\t\t\t<div class=\"e-con-inner\">\n\t\t\t\t<div class=\"elementor-element elementor-element-45e3aab boldest_map_destino elementor-widget elementor-widget-html\" data-id=\"45e3aab\" data-element_type=\"widget\" data-e-type=\"widget\" data-widget_type=\"html.default\">\n\t\t\t\t<div class=\"elementor-widget-container\">\n\t\t\t\t\t<div id=\"bWidgetMap\" integration=\"segment\" topheight=\"40\" btncolor=\"#F1392D\" showcurtain=\"true\" showbuttons=\"true\" viewmaptext=\"MAPA CIUDAD\" parenturiprefix=\"bwidget:\" ignorebottomcontent=\"true\" embedurl=\"https:\/\/maps.spainbytrain.org\" embedmainuri=\"\/fr\/villena\" mapscrollwheel=\"false\" onfocus=\"\" onfocusout=\"\"><\/div>\r\n    <script type=\"text\/javascript\" src=\"https:\/\/maps.spainbytrain.org\/embed.js\"><\/script>\t\t\t\t<\/div>\n\t\t\t\t<\/div>\n\t\t\t\t\t<\/div>\n\t\t\t\t<\/div>\n\t\t\t\t<\/div>\n\t\t","protected":false},"excerpt":{"rendered":"<p>Villena EXP\u00c9RIENCES BILLETS DE TRAIN Villena est une commune de la Communaut\u00e9 valencienne, situ\u00e9e au nord de la province d\u2019Alicante. Comme attraction touristique, la ville est domin\u00e9e par son ch\u00e2teau de la Atalaya, une forteresse m\u00e9diterran\u00e9enne qui fut jadis une fronti\u00e8re entre royaumes. Au mois de mars, on y c\u00e9l\u00e8bre les f\u00eates du Moyen \u00c2ge, [&hellip;]<\/p>\n","protected":false},"author":2985,"featured_media":0,"parent":0,"menu_order":0,"comment_status":"closed","ping_status":"closed","template":"","meta":{"inline_featured_image":false,"footnotes":""},"class_list":["post-3892","page","type-page","status-publish","hentry"],"_links":{"self":[{"href":"https:\/\/spainbytrain.org\/fr\/wp-json\/wp\/v2\/pages\/3892","targetHints":{"allow":["GET"]}}],"collection":[{"href":"https:\/\/spainbytrain.org\/fr\/wp-json\/wp\/v2\/pages"}],"about":[{"href":"https:\/\/spainbytrain.org\/fr\/wp-json\/wp\/v2\/types\/page"}],"author":[{"embeddable":true,"href":"https:\/\/spainbytrain.org\/fr\/wp-json\/wp\/v2\/users\/2985"}],"replies":[{"embeddable":true,"href":"https:\/\/spainbytrain.org\/fr\/wp-json\/wp\/v2\/comments?post=3892"}],"version-history":[{"count":7,"href":"https:\/\/spainbytrain.org\/fr\/wp-json\/wp\/v2\/pages\/3892\/revisions"}],"predecessor-version":[{"id":4357,"href":"https:\/\/spainbytrain.org\/fr\/wp-json\/wp\/v2\/pages\/3892\/revisions\/4357"}],"wp:attachment":[{"href":"https:\/\/spainbytrain.org\/fr\/wp-json\/wp\/v2\/media?parent=3892"}],"curies":[{"name":"wp","href":"https:\/\/api.w.org\/{rel}","templated":true}]}}

<div data-elementor-type="wp-page" data-elementor-id="3892" class="elementor elementor-3892 elementor-1039">
				<div class="elementor-element elementor-element-7987924 contenedor-imagen e-flex e-con-boxed e-con e-parent" data-id="7987924" data-element_type="container" data-e-type="container" data-settings="{&quot;background_background&quot;:&quot;video&quot;,&quot;background_video_link&quot;:&quot;https:\/\/www.youtube.com\/watch?v=nH4GhR_9k8Y&quot;,&quot;background_play_on_mobile&quot;:&quot;yes&quot;}">
					<div class="e-con-inner">
		<div class="elementor-background-video-container">
							<div class="elementor-background-video-embed" role="presentation"></div>
						</div><div class="elementor-element elementor-element-5c99ca6 texto-encima e-flex e-con-boxed e-con e-child" data-id="5c99ca6" data-element_type="container" data-e-type="container" data-settings="{&quot;position&quot;:&quot;absolute&quot;}">
					<div class="e-con-inner">
				<div class="elementor-element elementor-element-2ec472c elementor-widget elementor-widget-heading" data-id="2ec472c" data-element_type="widget" data-e-type="widget" data-widget_type="heading.default">
				<div class="elementor-widget-container">
					<h1 class="elementor-heading-title elementor-size-default">Villena</h1>				</div>
				</div>
				<div class="elementor-element elementor-element-e97c9f3 elementor-widget elementor-widget-text-editor" data-id="e97c9f3" data-element_type="widget" data-e-type="widget" data-widget_type="text-editor.default">
				<div class="elementor-widget-container">
									<a class="boton" href="https://www.civitatis.com/es/villena/?aid=108634" target="_blank" rel="noopener">EXPÉRIENCES <img decoding="async" class="icono-flecha" src="https://spainbytrain.org/wp-content/themes/spainbytrain/img/icono-flecha.png" alt="flecha"> <img decoding="async" class="logo-civitatis" src="https://spainbytrain.org/wp-content/themes/spainbytrain/img/civitatis_logo.png" alt="civitatis"></a>
<a class="boton" href="https://www.thetrainline.com/es" target="_blank" rel="noopener">
 BILLETS
<img decoding="async" class="logo-trainline" src="https://spainbytrain.org/wp-content/uploads/sites/17/2025/11/trainline-green-vectorial.png" alt="trainline"> DE TRAIN

<img decoding="async" class="icono-flecha" src="https://spainbytrain.org/wp-content/themes/spainbytrain/img/icono-flecha.png" alt="flecha">        </a> 								</div>
				</div>
					</div>
				</div>
					</div>
				</div>
		<div class="elementor-element elementor-element-1aab0cf e-con-full container-texto-ciudades e-flex e-con e-parent" data-id="1aab0cf" data-element_type="container" data-e-type="container">
		<div class="elementor-element elementor-element-d9cc609   e-con-full e-flex e-con e-child" data-id="d9cc609" data-element_type="container" data-e-type="container">
				<div class="elementor-element elementor-element-9ad8beb texto-columnas elementor-widget elementor-widget-text-editor" data-id="9ad8beb" data-element_type="widget" data-e-type="widget" data-widget_type="text-editor.default">
				<div class="elementor-widget-container">
									<p>Villena est une commune de la Communauté valencienne, située au nord de la province d’Alicante.</p>
<p>Comme attraction touristique, la ville est dominée par son château de la Atalaya, une forteresse méditerranéenne qui fut jadis une frontière entre royaumes. Au mois de mars, on y célèbre les fêtes du Moyen Âge, où l’on peut assister au Championnat national de combats médiévaux. </p>
<p>Une autre étape emblématique est la visite du Théâtre Chapí, qui fonctionne comme l’épicentre culturel de la région de l’Alto Vinalopó. Il doit son nom au compositeur natif de la ville, Ruperto Chapí. </p>
<p>Le témoignage de son importante histoire est présent au Musée municipal, avec son Trésor, où l’on peut découvrir des pièces de plus de 3 000 ans d’ancienneté. Le caractère frontalier de Villena, carrefour entre la Meseta et la Méditerranée, s’est directement reflété dans sa gastronomie locale. Ainsi, ses recettes sont clairement influencées par la cuisine méditerranéenne et celle de La Manche, les produits du potager étant son plus grand trésor.   </p>
<br><div class="contenedor-enlaces">
	<img decoding="async" src="https://spainbytrain.org/wp-content/themes/spainbytrain/img/icono-de-mas.png">
	<div class="enlaces">
		<a href="https://turismovillena.com/" target="_blank" rel="noopener">turismovillena.com</a>
	</div>
</div>								</div>
				</div>
				</div>
		<div class="elementor-element elementor-element-3efe86f e-con-full paddingImprescindible e-flex e-con e-child" data-id="3efe86f" data-element_type="container" data-e-type="container" id="containImprescindible">
				<div class="elementor-element elementor-element-70e7a5a titulo-imprescindibles e-transform elementor-widget elementor-widget-heading" data-id="70e7a5a" data-element_type="widget" data-e-type="widget" data-settings="{&quot;_transform_scale_effect&quot;:{&quot;unit&quot;:&quot;px&quot;,&quot;size&quot;:&quot;1&quot;,&quot;sizes&quot;:[]},&quot;_transform_scale_effect_tablet&quot;:{&quot;unit&quot;:&quot;px&quot;,&quot;size&quot;:&quot;&quot;,&quot;sizes&quot;:[]},&quot;_transform_scale_effect_mobile&quot;:{&quot;unit&quot;:&quot;px&quot;,&quot;size&quot;:&quot;&quot;,&quot;sizes&quot;:[]}}" data-widget_type="heading.default">
				<div class="elementor-widget-container">
					<h1 class="elementor-heading-title elementor-size-default">Incontournables</h1>				</div>
				</div>
				<div class="elementor-element elementor-element-280896c flecha elementor-widget elementor-widget-image" data-id="280896c" data-element_type="widget" data-e-type="widget" data-widget_type="image.default">
				<div class="elementor-widget-container">
															<img decoding="async" src="https://spainbytrain.org/wp-content/uploads/sites/17/elementor/thumbs/icono-flechaAbajo-r45dq4d0ug9renwown1dmgena0kljy5botiq78ifww.png" title="icono-flechaAbajo" alt="icono-flechaAbajo" loading="lazy" />															</div>
				</div>
				</div>
				</div>
		<div class="elementor-element elementor-element-4f3a73f boldest_map_destino_wrapper e-flex e-con-boxed e-con e-parent" data-id="4f3a73f" data-element_type="container" data-e-type="container">
					<div class="e-con-inner">
				<div class="elementor-element elementor-element-45e3aab boldest_map_destino elementor-widget elementor-widget-html" data-id="45e3aab" data-element_type="widget" data-e-type="widget" data-widget_type="html.default">
				<div class="elementor-widget-container">
					<div id="bWidgetMap" integration="segment" topheight="40" btncolor="#F1392D" showcurtain="true" showbuttons="true" viewmaptext="MAPA CIUDAD" parenturiprefix="bwidget:" ignorebottomcontent="true" embedurl="https://maps.spainbytrain.org" embedmainuri="/fr/villena" mapscrollwheel="false" onfocus="" onfocusout=""></div>
    <script type="text/javascript" src="https://maps.spainbytrain.org/embed.js"></script>				</div>
				</div>
					</div>
				</div>
				</div>

<p>Villena EXPÉRIENCES BILLETS DE TRAIN Villena est une commune de la Communauté valencienne, située au nord de la province d’Alicante. Comme attraction touristique, la ville est dominée par son château de la Atalaya, une forteresse méditerranéenne qui fut jadis une frontière entre royaumes. Au mois de mars, on y célèbre les fêtes du Moyen Âge, [&hellip;]</p>
