{"id":3888,"date":"2025-11-21T10:17:58","date_gmt":"2025-11-21T09:17:58","guid":{"rendered":"https:\/\/spainbytrain.org\/valladolid\/"},"modified":"2025-11-25T13:27:30","modified_gmt":"2025-11-25T12:27:30","slug":"valladolid","status":"publish","type":"page","link":"https:\/\/spainbytrain.org\/fr\/valladolid\/","title":{"rendered":"Valladolid"},"content":{"rendered":"\t\t<div data-elementor-type=\"wp-page\" data-elementor-id=\"3888\" class=\"elementor elementor-3888 elementor-1017\">\n\t\t\t\t<div class=\"elementor-element elementor-element-bece687 contenedor-imagen e-flex e-con-boxed e-con e-parent\" data-id=\"bece687\" data-element_type=\"container\" data-e-type=\"container\" data-settings=\"{&quot;background_background&quot;:&quot;video&quot;,&quot;background_video_link&quot;:&quot;https:\\\/\\\/www.youtube.com\\\/watch?v=LIMmhAoDtOc&quot;,&quot;background_play_on_mobile&quot;:&quot;yes&quot;}\">\n\t\t\t\t\t<div class=\"e-con-inner\">\n\t\t<div class=\"elementor-background-video-container\">\n\t\t\t\t\t\t\t<div class=\"elementor-background-video-embed\" role=\"presentation\"><\/div>\n\t\t\t\t\t\t<\/div><div class=\"elementor-element elementor-element-cf73179 texto-encima e-flex e-con-boxed e-con e-child\" data-id=\"cf73179\" data-element_type=\"container\" data-e-type=\"container\" data-settings=\"{&quot;position&quot;:&quot;absolute&quot;}\">\n\t\t\t\t\t<div class=\"e-con-inner\">\n\t\t\t\t<div class=\"elementor-element elementor-element-abf729b elementor-widget elementor-widget-heading\" data-id=\"abf729b\" data-element_type=\"widget\" data-e-type=\"widget\" data-widget_type=\"heading.default\">\n\t\t\t\t<div class=\"elementor-widget-container\">\n\t\t\t\t\t<h1 class=\"elementor-heading-title elementor-size-default\">Valladolid<\/h1>\t\t\t\t<\/div>\n\t\t\t\t<\/div>\n\t\t\t\t<div class=\"elementor-element elementor-element-0ab480d elementor-widget elementor-widget-text-editor\" data-id=\"0ab480d\" data-element_type=\"widget\" data-e-type=\"widget\" data-widget_type=\"text-editor.default\">\n\t\t\t\t<div class=\"elementor-widget-container\">\n\t\t\t\t\t\t\t\t\t<a class=\"boton\" href=\"https:\/\/www.civitatis.com\/es\/valladolid\/?aid=108634\" target=\"_blank\" rel=\"noopener\">EXP\u00c9RIENCES <img decoding=\"async\" class=\"icono-flecha\" src=\"https:\/\/spainbytrain.org\/wp-content\/themes\/spainbytrain\/img\/icono-flecha.png\" alt=\"flecha\"> <img decoding=\"async\" class=\"logo-civitatis\" src=\"https:\/\/spainbytrain.org\/wp-content\/themes\/spainbytrain\/img\/civitatis_logo.png\" alt=\"civitatis\"><\/a>\n<a class=\"boton\" href=\"https:\/\/www.thetrainline.com\/es\" target=\"_blank\" rel=\"noopener\">\n BILLETS\n<img decoding=\"async\" class=\"logo-trainline\" src=\"https:\/\/spainbytrain.org\/wp-content\/uploads\/sites\/17\/2025\/11\/trainline-green-vectorial.png\" alt=\"trainline\"> DE TRAIN\n\n<img decoding=\"async\" class=\"icono-flecha\" src=\"https:\/\/spainbytrain.org\/wp-content\/themes\/spainbytrain\/img\/icono-flecha.png\" alt=\"flecha\">        <\/a> \t\t\t\t\t\t\t\t<\/div>\n\t\t\t\t<\/div>\n\t\t\t\t\t<\/div>\n\t\t\t\t<\/div>\n\t\t\t\t\t<\/div>\n\t\t\t\t<\/div>\n\t\t<div class=\"elementor-element elementor-element-dd93a26 e-con-full container-texto-ciudades e-flex e-con e-parent\" data-id=\"dd93a26\" data-element_type=\"container\" data-e-type=\"container\">\n\t\t<div class=\"elementor-element elementor-element-36ff0e1   e-con-full e-flex e-con e-child\" data-id=\"36ff0e1\" data-element_type=\"container\" data-e-type=\"container\">\n\t\t\t\t<div class=\"elementor-element elementor-element-2f246d8 texto-columnas elementor-widget elementor-widget-text-editor\" data-id=\"2f246d8\" data-element_type=\"widget\" data-e-type=\"widget\" data-widget_type=\"text-editor.default\">\n\t\t\t\t<div class=\"elementor-widget-container\">\n\t\t\t\t\t\t\t\t\t<p>La ville jouit d\u2019une vie culturelle intense gr\u00e2ce \u00e0 son statut de ville universitaire, ainsi qu\u2019\u00e0 des \u00e9v\u00e9nements tels que la Seminci, la Semaine internationale du cin\u00e9ma \u2013 un rendez-vous incontournable du calendrier cin\u00e9matographique espagnol \u2013 ou le Festival international de th\u00e9\u00e2tre et des arts de rue.<\/p>\n<p>Elle conserve un important patrimoine monumental dans son centre historique, en particulier des demeures nobles et des \u00e9difices religieux. Parmi eux se distingue la Cath\u00e9drale inachev\u00e9e. <\/p>\n<p>Ville qui a connu une importante croissance urbaine au cours des derni\u00e8res d\u00e9cennies, Valladolid offre un large \u00e9ventail de possibilit\u00e9s de loisirs et de culture : cin\u00e9mas, th\u00e9\u00e2tres et mus\u00e9es, comme le Mus\u00e9e national de Sculpture, install\u00e9 dans le coll\u00e8ge de San Gregorio. Un autre \u00e9v\u00e9nement qui marque la vie de Valladolid et suscite la ferveur de ses habitants est la Semaine Sainte. D\u00e9clar\u00e9e d\u2019Int\u00e9r\u00eat touristique international, ses processions constituent un v\u00e9ritable d\u00e9fil\u00e9 d\u2019\u0153uvres d\u2019art sacr\u00e9. Le concours de tapas et de pinchos qui se tient chaque ann\u00e9e est une fa\u00e7on ing\u00e9nieuse et amusante de profiter de la gastronomie de Valladolid.   <\/p>\n<br><div class=\"contenedor-enlaces\">\n\t<img decoding=\"async\" src=\"https:\/\/spainbytrain.org\/wp-content\/themes\/spainbytrain\/img\/icono-de-mas.png\">\n\t<div class=\"enlaces\">\n\t\t<a href=\"https:\/\/www.info.valladolid.es\/\" target=\"_blank\" rel=\"noopener\">info.valladolid.es<\/a>\n\t<\/div>\n<\/div>\t\t\t\t\t\t\t\t<\/div>\n\t\t\t\t<\/div>\n\t\t\t\t<\/div>\n\t\t<div class=\"elementor-element elementor-element-5c23328 e-con-full paddingImprescindible e-flex e-con e-child\" data-id=\"5c23328\" data-element_type=\"container\" data-e-type=\"container\" id=\"containImprescindible\">\n\t\t\t\t<div class=\"elementor-element elementor-element-30304c8 titulo-imprescindibles e-transform elementor-widget elementor-widget-heading\" data-id=\"30304c8\" data-element_type=\"widget\" data-e-type=\"widget\" data-settings=\"{&quot;_transform_scale_effect&quot;:{&quot;unit&quot;:&quot;px&quot;,&quot;size&quot;:&quot;1&quot;,&quot;sizes&quot;:[]},&quot;_transform_scale_effect_tablet&quot;:{&quot;unit&quot;:&quot;px&quot;,&quot;size&quot;:&quot;&quot;,&quot;sizes&quot;:[]},&quot;_transform_scale_effect_mobile&quot;:{&quot;unit&quot;:&quot;px&quot;,&quot;size&quot;:&quot;&quot;,&quot;sizes&quot;:[]}}\" data-widget_type=\"heading.default\">\n\t\t\t\t<div class=\"elementor-widget-container\">\n\t\t\t\t\t<h1 class=\"elementor-heading-title elementor-size-default\">Incontournables<\/h1>\t\t\t\t<\/div>\n\t\t\t\t<\/div>\n\t\t\t\t<div class=\"elementor-element elementor-element-50aeb47 flecha elementor-widget elementor-widget-image\" data-id=\"50aeb47\" data-element_type=\"widget\" data-e-type=\"widget\" data-widget_type=\"image.default\">\n\t\t\t\t<div class=\"elementor-widget-container\">\n\t\t\t\t\t\t\t\t\t\t\t\t\t\t\t<img decoding=\"async\" src=\"https:\/\/spainbytrain.org\/wp-content\/uploads\/sites\/17\/elementor\/thumbs\/icono-flechaAbajo-r45dq4d0ug9renwown1dmgena0kljy5botiq78ifww.png\" title=\"icono-flechaAbajo\" alt=\"icono-flechaAbajo\" loading=\"lazy\" \/>\t\t\t\t\t\t\t\t\t\t\t\t\t\t\t<\/div>\n\t\t\t\t<\/div>\n\t\t\t\t<\/div>\n\t\t\t\t<\/div>\n\t\t<div class=\"elementor-element elementor-element-fd50086 boldest_map_destino_wrapper e-flex e-con-boxed e-con e-parent\" data-id=\"fd50086\" data-element_type=\"container\" data-e-type=\"container\">\n\t\t\t\t\t<div class=\"e-con-inner\">\n\t\t\t\t<div class=\"elementor-element elementor-element-aa07d9e boldest_map_destino elementor-widget elementor-widget-html\" data-id=\"aa07d9e\" data-element_type=\"widget\" data-e-type=\"widget\" data-widget_type=\"html.default\">\n\t\t\t\t<div class=\"elementor-widget-container\">\n\t\t\t\t\t<div id=\"bWidgetMap\" integration=\"segment\" topheight=\"40\" btncolor=\"#F1392D\" showcurtain=\"true\" showbuttons=\"true\" viewmaptext=\"MAPA CIUDAD\" parenturiprefix=\"bwidget:\" ignorebottomcontent=\"true\" embedurl=\"https:\/\/maps.spainbytrain.org\" embedmainuri=\"\/fr\/valladolid\" mapscrollwheel=\"false\" onfocus=\"\" onfocusout=\"\"><\/div>\r\n    <script type=\"text\/javascript\" src=\"https:\/\/maps.spainbytrain.org\/embed.js\"><\/script>\t\t\t\t<\/div>\n\t\t\t\t<\/div>\n\t\t\t\t\t<\/div>\n\t\t\t\t<\/div>\n\t\t\t\t<\/div>\n\t\t","protected":false},"excerpt":{"rendered":"<p>Valladolid EXP\u00c9RIENCES BILLETS DE TRAIN La ville jouit d\u2019une vie culturelle intense gr\u00e2ce \u00e0 son statut de ville universitaire, ainsi qu\u2019\u00e0 des \u00e9v\u00e9nements tels que la Seminci, la Semaine internationale du cin\u00e9ma \u2013 un rendez-vous incontournable du calendrier cin\u00e9matographique espagnol \u2013 ou le Festival international de th\u00e9\u00e2tre et des arts de rue. Elle conserve un [&hellip;]<\/p>\n","protected":false},"author":2985,"featured_media":0,"parent":0,"menu_order":0,"comment_status":"closed","ping_status":"closed","template":"","meta":{"inline_featured_image":false,"footnotes":""},"class_list":["post-3888","page","type-page","status-publish","hentry"],"_links":{"self":[{"href":"https:\/\/spainbytrain.org\/fr\/wp-json\/wp\/v2\/pages\/3888","targetHints":{"allow":["GET"]}}],"collection":[{"href":"https:\/\/spainbytrain.org\/fr\/wp-json\/wp\/v2\/pages"}],"about":[{"href":"https:\/\/spainbytrain.org\/fr\/wp-json\/wp\/v2\/types\/page"}],"author":[{"embeddable":true,"href":"https:\/\/spainbytrain.org\/fr\/wp-json\/wp\/v2\/users\/2985"}],"replies":[{"embeddable":true,"href":"https:\/\/spainbytrain.org\/fr\/wp-json\/wp\/v2\/comments?post=3888"}],"version-history":[{"count":6,"href":"https:\/\/spainbytrain.org\/fr\/wp-json\/wp\/v2\/pages\/3888\/revisions"}],"predecessor-version":[{"id":4352,"href":"https:\/\/spainbytrain.org\/fr\/wp-json\/wp\/v2\/pages\/3888\/revisions\/4352"}],"wp:attachment":[{"href":"https:\/\/spainbytrain.org\/fr\/wp-json\/wp\/v2\/media?parent=3888"}],"curies":[{"name":"wp","href":"https:\/\/api.w.org\/{rel}","templated":true}]}}

<div data-elementor-type="wp-page" data-elementor-id="3888" class="elementor elementor-3888 elementor-1017">
				<div class="elementor-element elementor-element-bece687 contenedor-imagen e-flex e-con-boxed e-con e-parent" data-id="bece687" data-element_type="container" data-e-type="container" data-settings="{&quot;background_background&quot;:&quot;video&quot;,&quot;background_video_link&quot;:&quot;https:\/\/www.youtube.com\/watch?v=LIMmhAoDtOc&quot;,&quot;background_play_on_mobile&quot;:&quot;yes&quot;}">
					<div class="e-con-inner">
		<div class="elementor-background-video-container">
							<div class="elementor-background-video-embed" role="presentation"></div>
						</div><div class="elementor-element elementor-element-cf73179 texto-encima e-flex e-con-boxed e-con e-child" data-id="cf73179" data-element_type="container" data-e-type="container" data-settings="{&quot;position&quot;:&quot;absolute&quot;}">
					<div class="e-con-inner">
				<div class="elementor-element elementor-element-abf729b elementor-widget elementor-widget-heading" data-id="abf729b" data-element_type="widget" data-e-type="widget" data-widget_type="heading.default">
				<div class="elementor-widget-container">
					<h1 class="elementor-heading-title elementor-size-default">Valladolid</h1>				</div>
				</div>
				<div class="elementor-element elementor-element-0ab480d elementor-widget elementor-widget-text-editor" data-id="0ab480d" data-element_type="widget" data-e-type="widget" data-widget_type="text-editor.default">
				<div class="elementor-widget-container">
									<a class="boton" href="https://www.civitatis.com/es/valladolid/?aid=108634" target="_blank" rel="noopener">EXPÉRIENCES <img decoding="async" class="icono-flecha" src="https://spainbytrain.org/wp-content/themes/spainbytrain/img/icono-flecha.png" alt="flecha"> <img decoding="async" class="logo-civitatis" src="https://spainbytrain.org/wp-content/themes/spainbytrain/img/civitatis_logo.png" alt="civitatis"></a>
<a class="boton" href="https://www.thetrainline.com/es" target="_blank" rel="noopener">
 BILLETS
<img decoding="async" class="logo-trainline" src="https://spainbytrain.org/wp-content/uploads/sites/17/2025/11/trainline-green-vectorial.png" alt="trainline"> DE TRAIN

<img decoding="async" class="icono-flecha" src="https://spainbytrain.org/wp-content/themes/spainbytrain/img/icono-flecha.png" alt="flecha">        </a> 								</div>
				</div>
					</div>
				</div>
					</div>
				</div>
		<div class="elementor-element elementor-element-dd93a26 e-con-full container-texto-ciudades e-flex e-con e-parent" data-id="dd93a26" data-element_type="container" data-e-type="container">
		<div class="elementor-element elementor-element-36ff0e1   e-con-full e-flex e-con e-child" data-id="36ff0e1" data-element_type="container" data-e-type="container">
				<div class="elementor-element elementor-element-2f246d8 texto-columnas elementor-widget elementor-widget-text-editor" data-id="2f246d8" data-element_type="widget" data-e-type="widget" data-widget_type="text-editor.default">
				<div class="elementor-widget-container">
									<p>La ville jouit d’une vie culturelle intense grâce à son statut de ville universitaire, ainsi qu’à des événements tels que la Seminci, la Semaine internationale du cinéma – un rendez-vous incontournable du calendrier cinématographique espagnol – ou le Festival international de théâtre et des arts de rue.</p>
<p>Elle conserve un important patrimoine monumental dans son centre historique, en particulier des demeures nobles et des édifices religieux. Parmi eux se distingue la Cathédrale inachevée. </p>
<p>Ville qui a connu une importante croissance urbaine au cours des dernières décennies, Valladolid offre un large éventail de possibilités de loisirs et de culture : cinémas, théâtres et musées, comme le Musée national de Sculpture, installé dans le collège de San Gregorio. Un autre événement qui marque la vie de Valladolid et suscite la ferveur de ses habitants est la Semaine Sainte. Déclarée d’Intérêt touristique international, ses processions constituent un véritable défilé d’œuvres d’art sacré. Le concours de tapas et de pinchos qui se tient chaque année est une façon ingénieuse et amusante de profiter de la gastronomie de Valladolid.   </p>
<br><div class="contenedor-enlaces">
	<img decoding="async" src="https://spainbytrain.org/wp-content/themes/spainbytrain/img/icono-de-mas.png">
	<div class="enlaces">
		<a href="https://www.info.valladolid.es/" target="_blank" rel="noopener">info.valladolid.es</a>
	</div>
</div>								</div>
				</div>
				</div>
		<div class="elementor-element elementor-element-5c23328 e-con-full paddingImprescindible e-flex e-con e-child" data-id="5c23328" data-element_type="container" data-e-type="container" id="containImprescindible">
				<div class="elementor-element elementor-element-30304c8 titulo-imprescindibles e-transform elementor-widget elementor-widget-heading" data-id="30304c8" data-element_type="widget" data-e-type="widget" data-settings="{&quot;_transform_scale_effect&quot;:{&quot;unit&quot;:&quot;px&quot;,&quot;size&quot;:&quot;1&quot;,&quot;sizes&quot;:[]},&quot;_transform_scale_effect_tablet&quot;:{&quot;unit&quot;:&quot;px&quot;,&quot;size&quot;:&quot;&quot;,&quot;sizes&quot;:[]},&quot;_transform_scale_effect_mobile&quot;:{&quot;unit&quot;:&quot;px&quot;,&quot;size&quot;:&quot;&quot;,&quot;sizes&quot;:[]}}" data-widget_type="heading.default">
				<div class="elementor-widget-container">
					<h1 class="elementor-heading-title elementor-size-default">Incontournables</h1>				</div>
				</div>
				<div class="elementor-element elementor-element-50aeb47 flecha elementor-widget elementor-widget-image" data-id="50aeb47" data-element_type="widget" data-e-type="widget" data-widget_type="image.default">
				<div class="elementor-widget-container">
															<img decoding="async" src="https://spainbytrain.org/wp-content/uploads/sites/17/elementor/thumbs/icono-flechaAbajo-r45dq4d0ug9renwown1dmgena0kljy5botiq78ifww.png" title="icono-flechaAbajo" alt="icono-flechaAbajo" loading="lazy" />															</div>
				</div>
				</div>
				</div>
		<div class="elementor-element elementor-element-fd50086 boldest_map_destino_wrapper e-flex e-con-boxed e-con e-parent" data-id="fd50086" data-element_type="container" data-e-type="container">
					<div class="e-con-inner">
				<div class="elementor-element elementor-element-aa07d9e boldest_map_destino elementor-widget elementor-widget-html" data-id="aa07d9e" data-element_type="widget" data-e-type="widget" data-widget_type="html.default">
				<div class="elementor-widget-container">
					<div id="bWidgetMap" integration="segment" topheight="40" btncolor="#F1392D" showcurtain="true" showbuttons="true" viewmaptext="MAPA CIUDAD" parenturiprefix="bwidget:" ignorebottomcontent="true" embedurl="https://maps.spainbytrain.org" embedmainuri="/fr/valladolid" mapscrollwheel="false" onfocus="" onfocusout=""></div>
    <script type="text/javascript" src="https://maps.spainbytrain.org/embed.js"></script>				</div>
				</div>
					</div>
				</div>
				</div>

<p>Valladolid EXPÉRIENCES BILLETS DE TRAIN La ville jouit d’une vie culturelle intense grâce à son statut de ville universitaire, ainsi qu’à des événements tels que la Seminci, la Semaine internationale du cinéma – un rendez-vous incontournable du calendrier cinématographique espagnol – ou le Festival international de théâtre et des arts de rue. Elle conserve un [&hellip;]</p>
