{"id":3860,"date":"2025-11-21T09:41:51","date_gmt":"2025-11-21T08:41:51","guid":{"rendered":"https:\/\/spainbytrain.org\/medina-del-campo\/"},"modified":"2025-11-25T13:17:26","modified_gmt":"2025-11-25T12:17:26","slug":"medina-del-campo","status":"publish","type":"page","link":"https:\/\/spainbytrain.org\/fr\/medina-del-campo\/","title":{"rendered":"Medina del Campo"},"content":{"rendered":"\t\t<div data-elementor-type=\"wp-page\" data-elementor-id=\"3860\" class=\"elementor elementor-3860 elementor-888\">\n\t\t\t\t<div class=\"elementor-element elementor-element-584a761 contenedor-imagen e-flex e-con-boxed e-con e-parent\" data-id=\"584a761\" data-element_type=\"container\" data-e-type=\"container\" data-settings=\"{&quot;background_background&quot;:&quot;video&quot;,&quot;background_video_link&quot;:&quot;https:\\\/\\\/www.youtube.com\\\/watch?v=_NHteUcK_Nc&quot;,&quot;background_play_on_mobile&quot;:&quot;yes&quot;}\">\n\t\t\t\t\t<div class=\"e-con-inner\">\n\t\t<div class=\"elementor-background-video-container\">\n\t\t\t\t\t\t\t<div class=\"elementor-background-video-embed\" role=\"presentation\"><\/div>\n\t\t\t\t\t\t<\/div><div class=\"elementor-element elementor-element-a76deab texto-encima e-flex e-con-boxed e-con e-child\" data-id=\"a76deab\" data-element_type=\"container\" data-e-type=\"container\" data-settings=\"{&quot;position&quot;:&quot;absolute&quot;}\">\n\t\t\t\t\t<div class=\"e-con-inner\">\n\t\t\t\t<div class=\"elementor-element elementor-element-98cbe73 elementor-widget elementor-widget-heading\" data-id=\"98cbe73\" data-element_type=\"widget\" data-e-type=\"widget\" data-widget_type=\"heading.default\">\n\t\t\t\t<div class=\"elementor-widget-container\">\n\t\t\t\t\t<h2 class=\"elementor-heading-title elementor-size-default\">Medina del Campo<\/h2>\t\t\t\t<\/div>\n\t\t\t\t<\/div>\n\t\t\t\t<div class=\"elementor-element elementor-element-a82c5d2 elementor-widget elementor-widget-text-editor\" data-id=\"a82c5d2\" data-element_type=\"widget\" data-e-type=\"widget\" data-widget_type=\"text-editor.default\">\n\t\t\t\t<div class=\"elementor-widget-container\">\n\t\t\t\t\t\t\t\t\t<a class=\"boton\" href=\"https:\/\/www.civitatis.com\/es\/medina-del-campo\/?aid=108634\" target=\"_blank\" rel=\"noopener\">EXP\u00c9RIENCES <img decoding=\"async\" class=\"icono-flecha\" src=\"https:\/\/spainbytrain.org\/wp-content\/themes\/spainbytrain\/img\/icono-flecha.png\" alt=\"flecha\"> <img decoding=\"async\" class=\"logo-civitatis\" src=\"https:\/\/spainbytrain.org\/wp-content\/themes\/spainbytrain\/img\/civitatis_logo.png\" alt=\"civitatis\"><\/a>\n<a class=\"boton\" href=\"https:\/\/www.thetrainline.com\/es\" target=\"_blank\" rel=\"noopener\">\n BILLETS\n<img decoding=\"async\" class=\"logo-trainline\" src=\"https:\/\/spainbytrain.org\/wp-content\/uploads\/sites\/17\/2025\/11\/trainline-green-vectorial.png\" alt=\"trainline\"> DE TRAIN\n\n<img decoding=\"async\" class=\"icono-flecha\" src=\"https:\/\/spainbytrain.org\/wp-content\/themes\/spainbytrain\/img\/icono-flecha.png\" alt=\"flecha\">        <\/a> \t\t\t\t\t\t\t\t<\/div>\n\t\t\t\t<\/div>\n\t\t\t\t\t<\/div>\n\t\t\t\t<\/div>\n\t\t\t\t\t<\/div>\n\t\t\t\t<\/div>\n\t\t<div class=\"elementor-element elementor-element-f3e4edb e-con-full container-texto-ciudades e-flex e-con e-parent\" data-id=\"f3e4edb\" data-element_type=\"container\" data-e-type=\"container\">\n\t\t<div class=\"elementor-element elementor-element-f62e950   e-con-full e-flex e-con e-child\" data-id=\"f62e950\" data-element_type=\"container\" data-e-type=\"container\">\n\t\t\t\t<div class=\"elementor-element elementor-element-1a11143 texto-columnas elementor-widget elementor-widget-text-editor\" data-id=\"1a11143\" data-element_type=\"widget\" data-e-type=\"widget\" data-widget_type=\"text-editor.default\">\n\t\t\t\t<div class=\"elementor-widget-container\">\n\t\t\t\t\t\t\t\t\t<p>Medina del Campo est une ville de la province de Valladolid, dot\u00e9e d\u2019un riche patrimoine historique et culturel. Elle se distingue par son imposant ch\u00e2teau de La Mota, un bel exemple de forteresse m\u00e9di\u00e9vale, ainsi que par l\u2019\u00e9glise de San Antol\u00edn, l\u2019un de ses principaux monuments religieux. Medina del Campo fut un important centre commercial au Moyen \u00c2ge, ce qui se refl\u00e8te dans sa Plaza Mayor et dans le March\u00e9 couvert.<br>Medina del Campo se caract\u00e9rise par une programmation compl\u00e8te d\u2019\u00e9v\u00e9nements et d\u2019activit\u00e9s tout au long des 12 mois de l\u2019ann\u00e9e. Elle est connue comme \u00ab la Ville des Foires \u00bb, o\u00f9 se d\u00e9marquent la Foire Imperiales y Comuneros, les Foires et F\u00eates de San Antol\u00edn \u2013 avec leurs c\u00e9l\u00e8bres l\u00e2chers de taureaux traditionnels \u2013 ainsi que d\u2019autres \u00e0 caract\u00e8re plus commercial, comme la Foire du Meuble, de l\u2019Artisanat, des Produits du Terroir ou celle organis\u00e9e autour de la Route du Vin D.O. Rueda.    <\/p>\n<br><div class=\"contenedor-enlaces\">\n\t<img decoding=\"async\" src=\"https:\/\/spainbytrain.org\/wp-content\/themes\/spainbytrain\/img\/icono-de-mas.png\">\n\t<div class=\"enlaces\">\n\t\t<a href=\"http:\/\/medinadelcampo.es\/\" target=\"_blank\" rel=\"noopener\">medinadelcampo.es<\/a>\n\t<\/div>\n<\/div>\t\t\t\t\t\t\t\t<\/div>\n\t\t\t\t<\/div>\n\t\t\t\t<\/div>\n\t\t<div class=\"elementor-element elementor-element-b6f544b e-con-full paddingImprescindible e-flex e-con e-child\" data-id=\"b6f544b\" data-element_type=\"container\" data-e-type=\"container\" id=\"containImprescindible\">\n\t\t\t\t<div class=\"elementor-element elementor-element-da6ec6e titulo-imprescindibles e-transform elementor-widget elementor-widget-heading\" data-id=\"da6ec6e\" data-element_type=\"widget\" data-e-type=\"widget\" data-settings=\"{&quot;_transform_scale_effect&quot;:{&quot;unit&quot;:&quot;px&quot;,&quot;size&quot;:&quot;1&quot;,&quot;sizes&quot;:[]},&quot;_transform_scale_effect_tablet&quot;:{&quot;unit&quot;:&quot;px&quot;,&quot;size&quot;:&quot;&quot;,&quot;sizes&quot;:[]},&quot;_transform_scale_effect_mobile&quot;:{&quot;unit&quot;:&quot;px&quot;,&quot;size&quot;:&quot;&quot;,&quot;sizes&quot;:[]}}\" data-widget_type=\"heading.default\">\n\t\t\t\t<div class=\"elementor-widget-container\">\n\t\t\t\t\t<h1 class=\"elementor-heading-title elementor-size-default\">Incontournables<\/h1>\t\t\t\t<\/div>\n\t\t\t\t<\/div>\n\t\t\t\t<div class=\"elementor-element elementor-element-bee917a flecha elementor-widget elementor-widget-image\" data-id=\"bee917a\" data-element_type=\"widget\" data-e-type=\"widget\" data-widget_type=\"image.default\">\n\t\t\t\t<div class=\"elementor-widget-container\">\n\t\t\t\t\t\t\t\t\t\t\t\t\t\t\t<img decoding=\"async\" src=\"https:\/\/spainbytrain.org\/wp-content\/uploads\/sites\/17\/elementor\/thumbs\/icono-flechaAbajo-r45dq4d0ug9renwown1dmgena0kljy5botiq78ifww.png\" title=\"icono-flechaAbajo\" alt=\"icono-flechaAbajo\" loading=\"lazy\" \/>\t\t\t\t\t\t\t\t\t\t\t\t\t\t\t<\/div>\n\t\t\t\t<\/div>\n\t\t\t\t<\/div>\n\t\t\t\t<\/div>\n\t\t<div class=\"elementor-element elementor-element-7ac3812 boldest_map_destino_wrapper e-flex e-con-boxed e-con e-parent\" data-id=\"7ac3812\" data-element_type=\"container\" data-e-type=\"container\">\n\t\t\t\t\t<div class=\"e-con-inner\">\n\t\t\t\t<div class=\"elementor-element elementor-element-efdda50 boldest_map_destino elementor-widget elementor-widget-html\" data-id=\"efdda50\" data-element_type=\"widget\" data-e-type=\"widget\" data-widget_type=\"html.default\">\n\t\t\t\t<div class=\"elementor-widget-container\">\n\t\t\t\t\t<div id=\"bWidgetMap\" integration=\"segment\" topheight=\"40\" btncolor=\"#F1392D\" showcurtain=\"true\" showbuttons=\"true\" viewmaptext=\"MAPA CIUDAD\" parenturiprefix=\"bwidget:\" ignorebottomcontent=\"true\" embedurl=\"https:\/\/maps.spainbytrain.org\" embedmainuri=\"\/fr\/medina-del-campo\" mapscrollwheel=\"false\" onfocus=\"\" onfocusout=\"\"><\/div>\r\n    <script type=\"text\/javascript\" src=\"https:\/\/maps.spainbytrain.org\/embed.js\"><\/script>\t\t\t\t<\/div>\n\t\t\t\t<\/div>\n\t\t\t\t\t<\/div>\n\t\t\t\t<\/div>\n\t\t\t\t<\/div>\n\t\t","protected":false},"excerpt":{"rendered":"<p>Medina del Campo EXP\u00c9RIENCES BILLETS DE TRAIN Medina del Campo est une ville de la province de Valladolid, dot\u00e9e d\u2019un riche patrimoine historique et culturel. Elle se distingue par son imposant ch\u00e2teau de La Mota, un bel exemple de forteresse m\u00e9di\u00e9vale, ainsi que par l\u2019\u00e9glise de San Antol\u00edn, l\u2019un de ses principaux monuments religieux. Medina [&hellip;]<\/p>\n","protected":false},"author":2985,"featured_media":0,"parent":0,"menu_order":0,"comment_status":"closed","ping_status":"closed","template":"","meta":{"inline_featured_image":false,"footnotes":""},"class_list":["post-3860","page","type-page","status-publish","hentry"],"_links":{"self":[{"href":"https:\/\/spainbytrain.org\/fr\/wp-json\/wp\/v2\/pages\/3860","targetHints":{"allow":["GET"]}}],"collection":[{"href":"https:\/\/spainbytrain.org\/fr\/wp-json\/wp\/v2\/pages"}],"about":[{"href":"https:\/\/spainbytrain.org\/fr\/wp-json\/wp\/v2\/types\/page"}],"author":[{"embeddable":true,"href":"https:\/\/spainbytrain.org\/fr\/wp-json\/wp\/v2\/users\/2985"}],"replies":[{"embeddable":true,"href":"https:\/\/spainbytrain.org\/fr\/wp-json\/wp\/v2\/comments?post=3860"}],"version-history":[{"count":9,"href":"https:\/\/spainbytrain.org\/fr\/wp-json\/wp\/v2\/pages\/3860\/revisions"}],"predecessor-version":[{"id":4323,"href":"https:\/\/spainbytrain.org\/fr\/wp-json\/wp\/v2\/pages\/3860\/revisions\/4323"}],"wp:attachment":[{"href":"https:\/\/spainbytrain.org\/fr\/wp-json\/wp\/v2\/media?parent=3860"}],"curies":[{"name":"wp","href":"https:\/\/api.w.org\/{rel}","templated":true}]}}

<div data-elementor-type="wp-page" data-elementor-id="3860" class="elementor elementor-3860 elementor-888">
				<div class="elementor-element elementor-element-584a761 contenedor-imagen e-flex e-con-boxed e-con e-parent" data-id="584a761" data-element_type="container" data-e-type="container" data-settings="{&quot;background_background&quot;:&quot;video&quot;,&quot;background_video_link&quot;:&quot;https:\/\/www.youtube.com\/watch?v=_NHteUcK_Nc&quot;,&quot;background_play_on_mobile&quot;:&quot;yes&quot;}">
					<div class="e-con-inner">
		<div class="elementor-background-video-container">
							<div class="elementor-background-video-embed" role="presentation"></div>
						</div><div class="elementor-element elementor-element-a76deab texto-encima e-flex e-con-boxed e-con e-child" data-id="a76deab" data-element_type="container" data-e-type="container" data-settings="{&quot;position&quot;:&quot;absolute&quot;}">
					<div class="e-con-inner">
				<div class="elementor-element elementor-element-98cbe73 elementor-widget elementor-widget-heading" data-id="98cbe73" data-element_type="widget" data-e-type="widget" data-widget_type="heading.default">
				<div class="elementor-widget-container">
					<h2 class="elementor-heading-title elementor-size-default">Medina del Campo</h2>				</div>
				</div>
				<div class="elementor-element elementor-element-a82c5d2 elementor-widget elementor-widget-text-editor" data-id="a82c5d2" data-element_type="widget" data-e-type="widget" data-widget_type="text-editor.default">
				<div class="elementor-widget-container">
									<a class="boton" href="https://www.civitatis.com/es/medina-del-campo/?aid=108634" target="_blank" rel="noopener">EXPÉRIENCES <img decoding="async" class="icono-flecha" src="https://spainbytrain.org/wp-content/themes/spainbytrain/img/icono-flecha.png" alt="flecha"> <img decoding="async" class="logo-civitatis" src="https://spainbytrain.org/wp-content/themes/spainbytrain/img/civitatis_logo.png" alt="civitatis"></a>
<a class="boton" href="https://www.thetrainline.com/es" target="_blank" rel="noopener">
 BILLETS
<img decoding="async" class="logo-trainline" src="https://spainbytrain.org/wp-content/uploads/sites/17/2025/11/trainline-green-vectorial.png" alt="trainline"> DE TRAIN

<img decoding="async" class="icono-flecha" src="https://spainbytrain.org/wp-content/themes/spainbytrain/img/icono-flecha.png" alt="flecha">        </a> 								</div>
				</div>
					</div>
				</div>
					</div>
				</div>
		<div class="elementor-element elementor-element-f3e4edb e-con-full container-texto-ciudades e-flex e-con e-parent" data-id="f3e4edb" data-element_type="container" data-e-type="container">
		<div class="elementor-element elementor-element-f62e950   e-con-full e-flex e-con e-child" data-id="f62e950" data-element_type="container" data-e-type="container">
				<div class="elementor-element elementor-element-1a11143 texto-columnas elementor-widget elementor-widget-text-editor" data-id="1a11143" data-element_type="widget" data-e-type="widget" data-widget_type="text-editor.default">
				<div class="elementor-widget-container">
									<p>Medina del Campo est une ville de la province de Valladolid, dotée d’un riche patrimoine historique et culturel. Elle se distingue par son imposant château de La Mota, un bel exemple de forteresse médiévale, ainsi que par l’église de San Antolín, l’un de ses principaux monuments religieux. Medina del Campo fut un important centre commercial au Moyen Âge, ce qui se reflète dans sa Plaza Mayor et dans le Marché couvert.<br>Medina del Campo se caractérise par une programmation complète d’événements et d’activités tout au long des 12 mois de l’année. Elle est connue comme « la Ville des Foires », où se démarquent la Foire Imperiales y Comuneros, les Foires et Fêtes de San Antolín – avec leurs célèbres lâchers de taureaux traditionnels – ainsi que d’autres à caractère plus commercial, comme la Foire du Meuble, de l’Artisanat, des Produits du Terroir ou celle organisée autour de la Route du Vin D.O. Rueda.    </p>
<br><div class="contenedor-enlaces">
	<img decoding="async" src="https://spainbytrain.org/wp-content/themes/spainbytrain/img/icono-de-mas.png">
	<div class="enlaces">
		<a href="http://medinadelcampo.es/" target="_blank" rel="noopener">medinadelcampo.es</a>
	</div>
</div>								</div>
				</div>
				</div>
		<div class="elementor-element elementor-element-b6f544b e-con-full paddingImprescindible e-flex e-con e-child" data-id="b6f544b" data-element_type="container" data-e-type="container" id="containImprescindible">
				<div class="elementor-element elementor-element-da6ec6e titulo-imprescindibles e-transform elementor-widget elementor-widget-heading" data-id="da6ec6e" data-element_type="widget" data-e-type="widget" data-settings="{&quot;_transform_scale_effect&quot;:{&quot;unit&quot;:&quot;px&quot;,&quot;size&quot;:&quot;1&quot;,&quot;sizes&quot;:[]},&quot;_transform_scale_effect_tablet&quot;:{&quot;unit&quot;:&quot;px&quot;,&quot;size&quot;:&quot;&quot;,&quot;sizes&quot;:[]},&quot;_transform_scale_effect_mobile&quot;:{&quot;unit&quot;:&quot;px&quot;,&quot;size&quot;:&quot;&quot;,&quot;sizes&quot;:[]}}" data-widget_type="heading.default">
				<div class="elementor-widget-container">
					<h1 class="elementor-heading-title elementor-size-default">Incontournables</h1>				</div>
				</div>
				<div class="elementor-element elementor-element-bee917a flecha elementor-widget elementor-widget-image" data-id="bee917a" data-element_type="widget" data-e-type="widget" data-widget_type="image.default">
				<div class="elementor-widget-container">
															<img decoding="async" src="https://spainbytrain.org/wp-content/uploads/sites/17/elementor/thumbs/icono-flechaAbajo-r45dq4d0ug9renwown1dmgena0kljy5botiq78ifww.png" title="icono-flechaAbajo" alt="icono-flechaAbajo" loading="lazy" />															</div>
				</div>
				</div>
				</div>
		<div class="elementor-element elementor-element-7ac3812 boldest_map_destino_wrapper e-flex e-con-boxed e-con e-parent" data-id="7ac3812" data-element_type="container" data-e-type="container">
					<div class="e-con-inner">
				<div class="elementor-element elementor-element-efdda50 boldest_map_destino elementor-widget elementor-widget-html" data-id="efdda50" data-element_type="widget" data-e-type="widget" data-widget_type="html.default">
				<div class="elementor-widget-container">
					<div id="bWidgetMap" integration="segment" topheight="40" btncolor="#F1392D" showcurtain="true" showbuttons="true" viewmaptext="MAPA CIUDAD" parenturiprefix="bwidget:" ignorebottomcontent="true" embedurl="https://maps.spainbytrain.org" embedmainuri="/fr/medina-del-campo" mapscrollwheel="false" onfocus="" onfocusout=""></div>
    <script type="text/javascript" src="https://maps.spainbytrain.org/embed.js"></script>				</div>
				</div>
					</div>
				</div>
				</div>

<p>Medina del Campo EXPÉRIENCES BILLETS DE TRAIN Medina del Campo est une ville de la province de Valladolid, dotée d’un riche patrimoine historique et culturel. Elle se distingue par son imposant château de La Mota, un bel exemple de forteresse médiévale, ainsi que par l’église de San Antolín, l’un de ses principaux monuments religieux. Medina [&hellip;]</p>
