{"id":3858,"date":"2025-11-21T09:39:38","date_gmt":"2025-11-21T08:39:38","guid":{"rendered":"https:\/\/spainbytrain.org\/malaga\/"},"modified":"2025-11-25T13:16:31","modified_gmt":"2025-11-25T12:16:31","slug":"malaga","status":"publish","type":"page","link":"https:\/\/spainbytrain.org\/fr\/malaga\/","title":{"rendered":"M\u00e1laga"},"content":{"rendered":"\t\t<div data-elementor-type=\"wp-page\" data-elementor-id=\"3858\" class=\"elementor elementor-3858 elementor-877\">\n\t\t\t\t<div class=\"elementor-element elementor-element-41429ee contenedor-imagen e-flex e-con-boxed e-con e-parent\" data-id=\"41429ee\" data-element_type=\"container\" data-e-type=\"container\" data-settings=\"{&quot;background_background&quot;:&quot;video&quot;,&quot;background_video_link&quot;:&quot;https:\\\/\\\/www.youtube.com\\\/watch?v=yG4WvPGZreU&quot;,&quot;background_play_on_mobile&quot;:&quot;yes&quot;}\">\n\t\t\t\t\t<div class=\"e-con-inner\">\n\t\t<div class=\"elementor-background-video-container\">\n\t\t\t\t\t\t\t<div class=\"elementor-background-video-embed\" role=\"presentation\"><\/div>\n\t\t\t\t\t\t<\/div><div class=\"elementor-element elementor-element-d61eb4a texto-encima e-flex e-con-boxed e-con e-child\" data-id=\"d61eb4a\" data-element_type=\"container\" data-e-type=\"container\" data-settings=\"{&quot;position&quot;:&quot;absolute&quot;}\">\n\t\t\t\t\t<div class=\"e-con-inner\">\n\t\t\t\t<div class=\"elementor-element elementor-element-ddcfb39 elementor-widget elementor-widget-heading\" data-id=\"ddcfb39\" data-element_type=\"widget\" data-e-type=\"widget\" data-widget_type=\"heading.default\">\n\t\t\t\t<div class=\"elementor-widget-container\">\n\t\t\t\t\t<h1 class=\"elementor-heading-title elementor-size-default\">M\u00e1laga<\/h1>\t\t\t\t<\/div>\n\t\t\t\t<\/div>\n\t\t\t\t<div class=\"elementor-element elementor-element-f31febf elementor-widget elementor-widget-text-editor\" data-id=\"f31febf\" data-element_type=\"widget\" data-e-type=\"widget\" data-widget_type=\"text-editor.default\">\n\t\t\t\t<div class=\"elementor-widget-container\">\n\t\t\t\t\t\t\t\t\t<a class=\"boton\" href=\"https:\/\/www.civitatis.com\/es\/malaga\/?aid=108634\" target=\"_blank\" rel=\"noopener\">EXP\u00c9RIENCES <img decoding=\"async\" class=\"icono-flecha\" src=\"https:\/\/spainbytrain.org\/wp-content\/themes\/spainbytrain\/img\/icono-flecha.png\" alt=\"flecha\"> <img decoding=\"async\" class=\"logo-civitatis\" src=\"https:\/\/spainbytrain.org\/wp-content\/themes\/spainbytrain\/img\/civitatis_logo.png\" alt=\"civitatis\"><\/a>\n<a class=\"boton\" href=\"https:\/\/www.thetrainline.com\/es\" target=\"_blank\" rel=\"noopener\">\n BILLETS\n<img decoding=\"async\" class=\"logo-trainline\" src=\"https:\/\/spainbytrain.org\/wp-content\/uploads\/sites\/17\/2025\/11\/trainline-green-vectorial.png\" alt=\"trainline\"> DE TRAIN\n\n<img decoding=\"async\" class=\"icono-flecha\" src=\"https:\/\/spainbytrain.org\/wp-content\/themes\/spainbytrain\/img\/icono-flecha.png\" alt=\"flecha\">        <\/a> \t\t\t\t\t\t\t\t<\/div>\n\t\t\t\t<\/div>\n\t\t\t\t\t<\/div>\n\t\t\t\t<\/div>\n\t\t\t\t\t<\/div>\n\t\t\t\t<\/div>\n\t\t<div class=\"elementor-element elementor-element-d77cf7d e-con-full container-texto-ciudades e-flex e-con e-parent\" data-id=\"d77cf7d\" data-element_type=\"container\" data-e-type=\"container\">\n\t\t<div class=\"elementor-element elementor-element-e9460be   e-con-full e-flex e-con e-child\" data-id=\"e9460be\" data-element_type=\"container\" data-e-type=\"container\">\n\t\t\t\t<div class=\"elementor-element elementor-element-683d14a texto-columnas elementor-widget elementor-widget-text-editor\" data-id=\"683d14a\" data-element_type=\"widget\" data-e-type=\"widget\" data-widget_type=\"text-editor.default\">\n\t\t\t\t<div class=\"elementor-widget-container\">\n\t\t\t\t\t\t\t\t\t<p>M\u00e1laga, capitale de la Costa del Sol, est une ville qui allie histoire, art et beaut\u00e9 naturelle. Au-del\u00e0 de ses 16 plages ensoleill\u00e9es, cette ville andalouse au bord de la M\u00e9diterran\u00e9e poss\u00e8de une vie culturelle plus qu\u2019int\u00e9ressante. Berceau du g\u00e9nie Pablo Picasso, elle s\u2019est r\u00e9invent\u00e9e ces derni\u00e8res ann\u00e9es et a inaugur\u00e9 des mus\u00e9es pour tous les go\u00fbts.  <\/p>\n<p>\u00c0 la combinaison de la mer et de la culture s\u2019ajoutent une ambiance anim\u00e9e, les tapas abondantes servies dans ses bars, des quartiers \u00e0 la pointe comme celui du Soho, des zones comme le port qui ont \u00e9t\u00e9 transform\u00e9es pour offrir un visage plus moderne, ainsi que des monuments charg\u00e9s de plusieurs si\u00e8cles d\u2019histoire. Le r\u00e9sultat est une ville passionnante que tout le monde voudrait d\u00e9couvrir.<\/p>\n<br><div class=\"contenedor-enlaces\">\n\t<img decoding=\"async\" src=\"https:\/\/spainbytrain.org\/wp-content\/themes\/spainbytrain\/img\/icono-de-mas.png\">\n\t<div class=\"enlaces\">\n\t\t<a href=\"https:\/\/visita.malaga.eu\" target=\"_blank\" rel=\"noopener\">visita.malaga.eu<\/a>\n\t<\/div>\n<\/div>\t\t\t\t\t\t\t\t<\/div>\n\t\t\t\t<\/div>\n\t\t\t\t<\/div>\n\t\t<div class=\"elementor-element elementor-element-2597d14 e-con-full paddingImprescindible e-flex e-con e-child\" data-id=\"2597d14\" data-element_type=\"container\" data-e-type=\"container\" id=\"containImprescindible\">\n\t\t\t\t<div class=\"elementor-element elementor-element-73e62e7 titulo-imprescindibles e-transform elementor-widget elementor-widget-heading\" data-id=\"73e62e7\" data-element_type=\"widget\" data-e-type=\"widget\" data-settings=\"{&quot;_transform_scale_effect&quot;:{&quot;unit&quot;:&quot;px&quot;,&quot;size&quot;:&quot;1&quot;,&quot;sizes&quot;:[]},&quot;_transform_scale_effect_tablet&quot;:{&quot;unit&quot;:&quot;px&quot;,&quot;size&quot;:&quot;&quot;,&quot;sizes&quot;:[]},&quot;_transform_scale_effect_mobile&quot;:{&quot;unit&quot;:&quot;px&quot;,&quot;size&quot;:&quot;&quot;,&quot;sizes&quot;:[]}}\" data-widget_type=\"heading.default\">\n\t\t\t\t<div class=\"elementor-widget-container\">\n\t\t\t\t\t<h1 class=\"elementor-heading-title elementor-size-default\">Incontournables<\/h1>\t\t\t\t<\/div>\n\t\t\t\t<\/div>\n\t\t\t\t<div class=\"elementor-element elementor-element-6071966 flecha elementor-widget elementor-widget-image\" data-id=\"6071966\" data-element_type=\"widget\" data-e-type=\"widget\" data-widget_type=\"image.default\">\n\t\t\t\t<div class=\"elementor-widget-container\">\n\t\t\t\t\t\t\t\t\t\t\t\t\t\t\t<img decoding=\"async\" src=\"https:\/\/spainbytrain.org\/wp-content\/uploads\/sites\/17\/elementor\/thumbs\/icono-flechaAbajo-r45dq4d0ug9renwown1dmgena0kljy5botiq78ifww.png\" title=\"icono-flechaAbajo\" alt=\"icono-flechaAbajo\" loading=\"lazy\" \/>\t\t\t\t\t\t\t\t\t\t\t\t\t\t\t<\/div>\n\t\t\t\t<\/div>\n\t\t\t\t<\/div>\n\t\t\t\t<\/div>\n\t\t<div class=\"elementor-element elementor-element-0d5d989 boldest_map_destino_wrapper e-flex e-con-boxed e-con e-parent\" data-id=\"0d5d989\" data-element_type=\"container\" data-e-type=\"container\">\n\t\t\t\t\t<div class=\"e-con-inner\">\n\t\t\t\t<div class=\"elementor-element elementor-element-f62822c boldest_map_destino elementor-widget elementor-widget-html\" data-id=\"f62822c\" data-element_type=\"widget\" data-e-type=\"widget\" data-widget_type=\"html.default\">\n\t\t\t\t<div class=\"elementor-widget-container\">\n\t\t\t\t\t<div id=\"bWidgetMap\" integration=\"segment\" topheight=\"40\" btncolor=\"#F1392D\" showcurtain=\"true\" showbuttons=\"true\" viewmaptext=\"MAPA CIUDAD\" parenturiprefix=\"bwidget:\" ignorebottomcontent=\"true\" embedurl=\"https:\/\/maps.spainbytrain.org\" embedmainuri=\"\/fr\/malaga\" mapscrollwheel=\"false\" onfocus=\"\" onfocusout=\"\"><\/div>\r\n    <script type=\"text\/javascript\" src=\"https:\/\/maps.spainbytrain.org\/embed.js\"><\/script>\r\n\t\t\t\t<\/div>\n\t\t\t\t<\/div>\n\t\t\t\t\t<\/div>\n\t\t\t\t<\/div>\n\t\t\t\t<\/div>\n\t\t","protected":false},"excerpt":{"rendered":"<p>M\u00e1laga EXP\u00c9RIENCES BILLETS DE TRAIN M\u00e1laga, capitale de la Costa del Sol, est une ville qui allie histoire, art et beaut\u00e9 naturelle. Au-del\u00e0 de ses 16 plages ensoleill\u00e9es, cette ville andalouse au bord de la M\u00e9diterran\u00e9e poss\u00e8de une vie culturelle plus qu\u2019int\u00e9ressante. Berceau du g\u00e9nie Pablo Picasso, elle s\u2019est r\u00e9invent\u00e9e ces derni\u00e8res ann\u00e9es et a [&hellip;]<\/p>\n","protected":false},"author":2985,"featured_media":0,"parent":0,"menu_order":0,"comment_status":"closed","ping_status":"closed","template":"","meta":{"inline_featured_image":false,"footnotes":""},"class_list":["post-3858","page","type-page","status-publish","hentry"],"_links":{"self":[{"href":"https:\/\/spainbytrain.org\/fr\/wp-json\/wp\/v2\/pages\/3858","targetHints":{"allow":["GET"]}}],"collection":[{"href":"https:\/\/spainbytrain.org\/fr\/wp-json\/wp\/v2\/pages"}],"about":[{"href":"https:\/\/spainbytrain.org\/fr\/wp-json\/wp\/v2\/types\/page"}],"author":[{"embeddable":true,"href":"https:\/\/spainbytrain.org\/fr\/wp-json\/wp\/v2\/users\/2985"}],"replies":[{"embeddable":true,"href":"https:\/\/spainbytrain.org\/fr\/wp-json\/wp\/v2\/comments?post=3858"}],"version-history":[{"count":8,"href":"https:\/\/spainbytrain.org\/fr\/wp-json\/wp\/v2\/pages\/3858\/revisions"}],"predecessor-version":[{"id":4321,"href":"https:\/\/spainbytrain.org\/fr\/wp-json\/wp\/v2\/pages\/3858\/revisions\/4321"}],"wp:attachment":[{"href":"https:\/\/spainbytrain.org\/fr\/wp-json\/wp\/v2\/media?parent=3858"}],"curies":[{"name":"wp","href":"https:\/\/api.w.org\/{rel}","templated":true}]}}

Málaga

<div data-elementor-type="wp-page" data-elementor-id="3858" class="elementor elementor-3858 elementor-877">
				<div class="elementor-element elementor-element-41429ee contenedor-imagen e-flex e-con-boxed e-con e-parent" data-id="41429ee" data-element_type="container" data-e-type="container" data-settings="{&quot;background_background&quot;:&quot;video&quot;,&quot;background_video_link&quot;:&quot;https:\/\/www.youtube.com\/watch?v=yG4WvPGZreU&quot;,&quot;background_play_on_mobile&quot;:&quot;yes&quot;}">
					<div class="e-con-inner">
		<div class="elementor-background-video-container">
							<div class="elementor-background-video-embed" role="presentation"></div>
						</div><div class="elementor-element elementor-element-d61eb4a texto-encima e-flex e-con-boxed e-con e-child" data-id="d61eb4a" data-element_type="container" data-e-type="container" data-settings="{&quot;position&quot;:&quot;absolute&quot;}">
					<div class="e-con-inner">
				<div class="elementor-element elementor-element-ddcfb39 elementor-widget elementor-widget-heading" data-id="ddcfb39" data-element_type="widget" data-e-type="widget" data-widget_type="heading.default">
				<div class="elementor-widget-container">
					<h1 class="elementor-heading-title elementor-size-default">Málaga</h1>				</div>
				</div>
				<div class="elementor-element elementor-element-f31febf elementor-widget elementor-widget-text-editor" data-id="f31febf" data-element_type="widget" data-e-type="widget" data-widget_type="text-editor.default">
				<div class="elementor-widget-container">
									<a class="boton" href="https://www.civitatis.com/es/malaga/?aid=108634" target="_blank" rel="noopener">EXPÉRIENCES <img decoding="async" class="icono-flecha" src="https://spainbytrain.org/wp-content/themes/spainbytrain/img/icono-flecha.png" alt="flecha"> <img decoding="async" class="logo-civitatis" src="https://spainbytrain.org/wp-content/themes/spainbytrain/img/civitatis_logo.png" alt="civitatis"></a>
<a class="boton" href="https://www.thetrainline.com/es" target="_blank" rel="noopener">
 BILLETS
<img decoding="async" class="logo-trainline" src="https://spainbytrain.org/wp-content/uploads/sites/17/2025/11/trainline-green-vectorial.png" alt="trainline"> DE TRAIN

<img decoding="async" class="icono-flecha" src="https://spainbytrain.org/wp-content/themes/spainbytrain/img/icono-flecha.png" alt="flecha">        </a> 								</div>
				</div>
					</div>
				</div>
					</div>
				</div>
		<div class="elementor-element elementor-element-d77cf7d e-con-full container-texto-ciudades e-flex e-con e-parent" data-id="d77cf7d" data-element_type="container" data-e-type="container">
		<div class="elementor-element elementor-element-e9460be   e-con-full e-flex e-con e-child" data-id="e9460be" data-element_type="container" data-e-type="container">
				<div class="elementor-element elementor-element-683d14a texto-columnas elementor-widget elementor-widget-text-editor" data-id="683d14a" data-element_type="widget" data-e-type="widget" data-widget_type="text-editor.default">
				<div class="elementor-widget-container">
									<p>Málaga, capitale de la Costa del Sol, est une ville qui allie histoire, art et beauté naturelle. Au-delà de ses 16 plages ensoleillées, cette ville andalouse au bord de la Méditerranée possède une vie culturelle plus qu’intéressante. Berceau du génie Pablo Picasso, elle s’est réinventée ces dernières années et a inauguré des musées pour tous les goûts.  </p>
<p>À la combinaison de la mer et de la culture s’ajoutent une ambiance animée, les tapas abondantes servies dans ses bars, des quartiers à la pointe comme celui du Soho, des zones comme le port qui ont été transformées pour offrir un visage plus moderne, ainsi que des monuments chargés de plusieurs siècles d’histoire. Le résultat est une ville passionnante que tout le monde voudrait découvrir.</p>
<br><div class="contenedor-enlaces">
	<img decoding="async" src="https://spainbytrain.org/wp-content/themes/spainbytrain/img/icono-de-mas.png">
	<div class="enlaces">
		<a href="https://visita.malaga.eu" target="_blank" rel="noopener">visita.malaga.eu</a>
	</div>
</div>								</div>
				</div>
				</div>
		<div class="elementor-element elementor-element-2597d14 e-con-full paddingImprescindible e-flex e-con e-child" data-id="2597d14" data-element_type="container" data-e-type="container" id="containImprescindible">
				<div class="elementor-element elementor-element-73e62e7 titulo-imprescindibles e-transform elementor-widget elementor-widget-heading" data-id="73e62e7" data-element_type="widget" data-e-type="widget" data-settings="{&quot;_transform_scale_effect&quot;:{&quot;unit&quot;:&quot;px&quot;,&quot;size&quot;:&quot;1&quot;,&quot;sizes&quot;:[]},&quot;_transform_scale_effect_tablet&quot;:{&quot;unit&quot;:&quot;px&quot;,&quot;size&quot;:&quot;&quot;,&quot;sizes&quot;:[]},&quot;_transform_scale_effect_mobile&quot;:{&quot;unit&quot;:&quot;px&quot;,&quot;size&quot;:&quot;&quot;,&quot;sizes&quot;:[]}}" data-widget_type="heading.default">
				<div class="elementor-widget-container">
					<h1 class="elementor-heading-title elementor-size-default">Incontournables</h1>				</div>
				</div>
				<div class="elementor-element elementor-element-6071966 flecha elementor-widget elementor-widget-image" data-id="6071966" data-element_type="widget" data-e-type="widget" data-widget_type="image.default">
				<div class="elementor-widget-container">
															<img decoding="async" src="https://spainbytrain.org/wp-content/uploads/sites/17/elementor/thumbs/icono-flechaAbajo-r45dq4d0ug9renwown1dmgena0kljy5botiq78ifww.png" title="icono-flechaAbajo" alt="icono-flechaAbajo" loading="lazy" />															</div>
				</div>
				</div>
				</div>
		<div class="elementor-element elementor-element-0d5d989 boldest_map_destino_wrapper e-flex e-con-boxed e-con e-parent" data-id="0d5d989" data-element_type="container" data-e-type="container">
					<div class="e-con-inner">
				<div class="elementor-element elementor-element-f62822c boldest_map_destino elementor-widget elementor-widget-html" data-id="f62822c" data-element_type="widget" data-e-type="widget" data-widget_type="html.default">
				<div class="elementor-widget-container">
					<div id="bWidgetMap" integration="segment" topheight="40" btncolor="#F1392D" showcurtain="true" showbuttons="true" viewmaptext="MAPA CIUDAD" parenturiprefix="bwidget:" ignorebottomcontent="true" embedurl="https://maps.spainbytrain.org" embedmainuri="/fr/malaga" mapscrollwheel="false" onfocus="" onfocusout=""></div>
    <script type="text/javascript" src="https://maps.spainbytrain.org/embed.js"></script>
				</div>
				</div>
					</div>
				</div>
				</div>

<p>Málaga EXPÉRIENCES BILLETS DE TRAIN Málaga, capitale de la Costa del Sol, est une ville qui allie histoire, art et beauté naturelle. Au-delà de ses 16 plages ensoleillées, cette ville andalouse au bord de la Méditerranée possède une vie culturelle plus qu’intéressante. Berceau du génie Pablo Picasso, elle s’est réinventée ces dernières années et a [&hellip;]</p>
