{"id":3852,"date":"2025-11-21T09:33:43","date_gmt":"2025-11-21T08:33:43","guid":{"rendered":"https:\/\/spainbytrain.org\/lleida\/"},"modified":"2025-11-25T13:13:06","modified_gmt":"2025-11-25T12:13:06","slug":"lleida","status":"publish","type":"page","link":"https:\/\/spainbytrain.org\/fr\/lleida\/","title":{"rendered":"Lleida"},"content":{"rendered":"\t\t<div data-elementor-type=\"wp-page\" data-elementor-id=\"3852\" class=\"elementor elementor-3852 elementor-835\">\n\t\t\t\t<div class=\"elementor-element elementor-element-d2483ce contenedor-imagen e-flex e-con-boxed e-con e-parent\" data-id=\"d2483ce\" data-element_type=\"container\" data-e-type=\"container\" data-settings=\"{&quot;background_background&quot;:&quot;video&quot;,&quot;background_video_link&quot;:&quot;https:\\\/\\\/www.youtube.com\\\/watch?v=DOlJv5SEGbE&amp;authuser=0&quot;,&quot;background_play_on_mobile&quot;:&quot;yes&quot;}\">\n\t\t\t\t\t<div class=\"e-con-inner\">\n\t\t<div class=\"elementor-background-video-container\">\n\t\t\t\t\t\t\t<div class=\"elementor-background-video-embed\" role=\"presentation\"><\/div>\n\t\t\t\t\t\t<\/div><div class=\"elementor-element elementor-element-b7f961c texto-encima e-flex e-con-boxed e-con e-child\" data-id=\"b7f961c\" data-element_type=\"container\" data-e-type=\"container\" data-settings=\"{&quot;position&quot;:&quot;absolute&quot;}\">\n\t\t\t\t\t<div class=\"e-con-inner\">\n\t\t\t\t<div class=\"elementor-element elementor-element-b0de6d0 elementor-widget elementor-widget-heading\" data-id=\"b0de6d0\" data-element_type=\"widget\" data-e-type=\"widget\" data-widget_type=\"heading.default\">\n\t\t\t\t<div class=\"elementor-widget-container\">\n\t\t\t\t\t<h1 class=\"elementor-heading-title elementor-size-default\">Lleida<\/h1>\t\t\t\t<\/div>\n\t\t\t\t<\/div>\n\t\t\t\t<div class=\"elementor-element elementor-element-a6d97f4 elementor-widget elementor-widget-text-editor\" data-id=\"a6d97f4\" data-element_type=\"widget\" data-e-type=\"widget\" data-widget_type=\"text-editor.default\">\n\t\t\t\t<div class=\"elementor-widget-container\">\n\t\t\t\t\t\t\t\t\t<a class=\"boton\" href=\"https:\/\/www.civitatis.com\/es\/lerida\/?aid=108634\" target=\"_blank\" rel=\"noopener\">EXP\u00c9RIENCES <img decoding=\"async\" class=\"icono-flecha\" src=\"https:\/\/spainbytrain.org\/wp-content\/themes\/spainbytrain\/img\/icono-flecha.png\" alt=\"flecha\"> <img decoding=\"async\" class=\"logo-civitatis\" src=\"https:\/\/spainbytrain.org\/wp-content\/themes\/spainbytrain\/img\/civitatis_logo.png\" alt=\"civitatis\"><\/a>\n<a class=\"boton\" href=\"https:\/\/www.thetrainline.com\/es\" target=\"_blank\" rel=\"noopener\">\n BILLETS\n<img decoding=\"async\" class=\"logo-trainline\" src=\"https:\/\/spainbytrain.org\/wp-content\/uploads\/sites\/17\/2025\/11\/trainline-green-vectorial.png\" alt=\"trainline\"> DE TRAIN\n\n<img decoding=\"async\" class=\"icono-flecha\" src=\"https:\/\/spainbytrain.org\/wp-content\/themes\/spainbytrain\/img\/icono-flecha.png\" alt=\"flecha\">        <\/a> \t\t\t\t\t\t\t\t<\/div>\n\t\t\t\t<\/div>\n\t\t\t\t\t<\/div>\n\t\t\t\t<\/div>\n\t\t\t\t\t<\/div>\n\t\t\t\t<\/div>\n\t\t<div class=\"elementor-element elementor-element-7bebf41 e-con-full container-texto-ciudades e-flex e-con e-parent\" data-id=\"7bebf41\" data-element_type=\"container\" data-e-type=\"container\">\n\t\t<div class=\"elementor-element elementor-element-d232def   e-con-full e-flex e-con e-child\" data-id=\"d232def\" data-element_type=\"container\" data-e-type=\"container\">\n\t\t\t\t<div class=\"elementor-element elementor-element-e364a69 texto-columnas elementor-widget elementor-widget-text-editor\" data-id=\"e364a69\" data-element_type=\"widget\" data-e-type=\"widget\" data-widget_type=\"text-editor.default\">\n\t\t\t\t<div class=\"elementor-widget-container\">\n\t\t\t\t\t\t\t\t\t<p>Le pass\u00e9 historique de cette ville remonte au IV\u1d49 si\u00e8cle av. J.-C., lorsque les Ib\u00e8res ont d\u00e9couvert les avantages de s\u2019installer \u00e0 cet endroit, au bord de la rivi\u00e8re Segre. Depuis, de nombreuses civilisations y ont laiss\u00e9 leur empreinte. La Vieille Cath\u00e9drale de Lleida (Seu Vella) a commenc\u00e9 \u00e0 \u00eatre construite au XIII\u1d49 si\u00e8cle, \u00e0 l\u2019emplacement d\u2019une ancienne mosqu\u00e9e musulmane. Ce monument est le symbole de la ville et son rep\u00e8re le plus reconnaissable, puisqu\u2019il se dresse au point le plus haut. De plus, en vous promenant dans le centre historique, vous verrez que ce quartier conserve encore des b\u00e2timents de l\u2019\u00e9poque moderniste. Une belle vitrine de gastronomie m\u00e9diterran\u00e9enne et de fantastiques paysages naturels fait de Lleida une destination parfaite.     <\/p>\n<br><div class=\"contenedor-enlaces\">\n\t<img decoding=\"async\" src=\"https:\/\/spainbytrain.org\/wp-content\/themes\/spainbytrain\/img\/icono-de-mas.png\">\n\t<div class=\"enlaces\">\n \t\t<a href=\"https:\/\/www.turismedelleida.cat\/\" target=\"_blank\" rel=\"noopener\">turismedelleida.cat<\/a>\n\t<\/div>\n<\/div>\t\t\t\t\t\t\t\t<\/div>\n\t\t\t\t<\/div>\n\t\t\t\t<\/div>\n\t\t<div class=\"elementor-element elementor-element-93a45b4 e-con-full paddingImprescindible e-flex e-con e-child\" data-id=\"93a45b4\" data-element_type=\"container\" data-e-type=\"container\" id=\"containImprescindible\">\n\t\t\t\t<div class=\"elementor-element elementor-element-062bc8e titulo-imprescindibles e-transform elementor-widget elementor-widget-heading\" data-id=\"062bc8e\" data-element_type=\"widget\" data-e-type=\"widget\" data-settings=\"{&quot;_transform_scale_effect&quot;:{&quot;unit&quot;:&quot;px&quot;,&quot;size&quot;:&quot;1&quot;,&quot;sizes&quot;:[]},&quot;_transform_scale_effect_tablet&quot;:{&quot;unit&quot;:&quot;px&quot;,&quot;size&quot;:&quot;&quot;,&quot;sizes&quot;:[]},&quot;_transform_scale_effect_mobile&quot;:{&quot;unit&quot;:&quot;px&quot;,&quot;size&quot;:&quot;&quot;,&quot;sizes&quot;:[]}}\" data-widget_type=\"heading.default\">\n\t\t\t\t<div class=\"elementor-widget-container\">\n\t\t\t\t\t<h1 class=\"elementor-heading-title elementor-size-default\">Incontournables<\/h1>\t\t\t\t<\/div>\n\t\t\t\t<\/div>\n\t\t\t\t<div class=\"elementor-element elementor-element-026f4d2 flecha elementor-widget elementor-widget-image\" data-id=\"026f4d2\" data-element_type=\"widget\" data-e-type=\"widget\" data-widget_type=\"image.default\">\n\t\t\t\t<div class=\"elementor-widget-container\">\n\t\t\t\t\t\t\t\t\t\t\t\t\t\t\t<img decoding=\"async\" src=\"https:\/\/spainbytrain.org\/wp-content\/uploads\/sites\/17\/elementor\/thumbs\/icono-flechaAbajo-r45dq4d0ug9renwown1dmgena0kljy5botiq78ifww.png\" title=\"icono-flechaAbajo\" alt=\"icono-flechaAbajo\" loading=\"lazy\" \/>\t\t\t\t\t\t\t\t\t\t\t\t\t\t\t<\/div>\n\t\t\t\t<\/div>\n\t\t\t\t<\/div>\n\t\t\t\t<\/div>\n\t\t<div class=\"elementor-element elementor-element-f7c4296 boldest_map_destino_wrapper e-flex e-con-boxed e-con e-parent\" data-id=\"f7c4296\" data-element_type=\"container\" data-e-type=\"container\">\n\t\t\t\t\t<div class=\"e-con-inner\">\n\t\t\t\t<div class=\"elementor-element elementor-element-0199457 boldest_map_destino elementor-widget elementor-widget-html\" data-id=\"0199457\" data-element_type=\"widget\" data-e-type=\"widget\" data-widget_type=\"html.default\">\n\t\t\t\t<div class=\"elementor-widget-container\">\n\t\t\t\t\t<div id=\"bWidgetMap\" integration=\"segment\" topheight=\"40\" btncolor=\"#F1392D\" showcurtain=\"true\" showbuttons=\"true\" viewmaptext=\"MAPA CIUDAD\" parenturiprefix=\"bwidget:\" ignorebottomcontent=\"true\" embedurl=\"https:\/\/maps.spainbytrain.org\" embedmainuri=\"\/fr\/lleida_495\" mapscrollwheel=\"false\" onfocus=\"\" onfocusout=\"\"><\/div>\r\n    <script type=\"text\/javascript\" src=\"https:\/\/maps.spainbytrain.org\/embed.js\"><\/script>\r\n    \r\n\t\t\t\t<\/div>\n\t\t\t\t<\/div>\n\t\t\t\t\t<\/div>\n\t\t\t\t<\/div>\n\t\t\t\t<\/div>\n\t\t","protected":false},"excerpt":{"rendered":"<p>Lleida EXP\u00c9RIENCES BILLETS DE TRAIN Le pass\u00e9 historique de cette ville remonte au IV\u1d49 si\u00e8cle av. J.-C., lorsque les Ib\u00e8res ont d\u00e9couvert les avantages de s\u2019installer \u00e0 cet endroit, au bord de la rivi\u00e8re Segre. Depuis, de nombreuses civilisations y ont laiss\u00e9 leur empreinte. La Vieille Cath\u00e9drale de Lleida (Seu Vella) a commenc\u00e9 \u00e0 \u00eatre [&hellip;]<\/p>\n","protected":false},"author":2985,"featured_media":0,"parent":0,"menu_order":0,"comment_status":"closed","ping_status":"closed","template":"","meta":{"inline_featured_image":false,"footnotes":""},"class_list":["post-3852","page","type-page","status-publish","hentry"],"_links":{"self":[{"href":"https:\/\/spainbytrain.org\/fr\/wp-json\/wp\/v2\/pages\/3852","targetHints":{"allow":["GET"]}}],"collection":[{"href":"https:\/\/spainbytrain.org\/fr\/wp-json\/wp\/v2\/pages"}],"about":[{"href":"https:\/\/spainbytrain.org\/fr\/wp-json\/wp\/v2\/types\/page"}],"author":[{"embeddable":true,"href":"https:\/\/spainbytrain.org\/fr\/wp-json\/wp\/v2\/users\/2985"}],"replies":[{"embeddable":true,"href":"https:\/\/spainbytrain.org\/fr\/wp-json\/wp\/v2\/comments?post=3852"}],"version-history":[{"count":9,"href":"https:\/\/spainbytrain.org\/fr\/wp-json\/wp\/v2\/pages\/3852\/revisions"}],"predecessor-version":[{"id":4312,"href":"https:\/\/spainbytrain.org\/fr\/wp-json\/wp\/v2\/pages\/3852\/revisions\/4312"}],"wp:attachment":[{"href":"https:\/\/spainbytrain.org\/fr\/wp-json\/wp\/v2\/media?parent=3852"}],"curies":[{"name":"wp","href":"https:\/\/api.w.org\/{rel}","templated":true}]}}

<div data-elementor-type="wp-page" data-elementor-id="3852" class="elementor elementor-3852 elementor-835">
				<div class="elementor-element elementor-element-d2483ce contenedor-imagen e-flex e-con-boxed e-con e-parent" data-id="d2483ce" data-element_type="container" data-e-type="container" data-settings="{&quot;background_background&quot;:&quot;video&quot;,&quot;background_video_link&quot;:&quot;https:\/\/www.youtube.com\/watch?v=DOlJv5SEGbE&amp;authuser=0&quot;,&quot;background_play_on_mobile&quot;:&quot;yes&quot;}">
					<div class="e-con-inner">
		<div class="elementor-background-video-container">
							<div class="elementor-background-video-embed" role="presentation"></div>
						</div><div class="elementor-element elementor-element-b7f961c texto-encima e-flex e-con-boxed e-con e-child" data-id="b7f961c" data-element_type="container" data-e-type="container" data-settings="{&quot;position&quot;:&quot;absolute&quot;}">
					<div class="e-con-inner">
				<div class="elementor-element elementor-element-b0de6d0 elementor-widget elementor-widget-heading" data-id="b0de6d0" data-element_type="widget" data-e-type="widget" data-widget_type="heading.default">
				<div class="elementor-widget-container">
					<h1 class="elementor-heading-title elementor-size-default">Lleida</h1>				</div>
				</div>
				<div class="elementor-element elementor-element-a6d97f4 elementor-widget elementor-widget-text-editor" data-id="a6d97f4" data-element_type="widget" data-e-type="widget" data-widget_type="text-editor.default">
				<div class="elementor-widget-container">
									<a class="boton" href="https://www.civitatis.com/es/lerida/?aid=108634" target="_blank" rel="noopener">EXPÉRIENCES <img decoding="async" class="icono-flecha" src="https://spainbytrain.org/wp-content/themes/spainbytrain/img/icono-flecha.png" alt="flecha"> <img decoding="async" class="logo-civitatis" src="https://spainbytrain.org/wp-content/themes/spainbytrain/img/civitatis_logo.png" alt="civitatis"></a>
<a class="boton" href="https://www.thetrainline.com/es" target="_blank" rel="noopener">
 BILLETS
<img decoding="async" class="logo-trainline" src="https://spainbytrain.org/wp-content/uploads/sites/17/2025/11/trainline-green-vectorial.png" alt="trainline"> DE TRAIN

<img decoding="async" class="icono-flecha" src="https://spainbytrain.org/wp-content/themes/spainbytrain/img/icono-flecha.png" alt="flecha">        </a> 								</div>
				</div>
					</div>
				</div>
					</div>
				</div>
		<div class="elementor-element elementor-element-7bebf41 e-con-full container-texto-ciudades e-flex e-con e-parent" data-id="7bebf41" data-element_type="container" data-e-type="container">
		<div class="elementor-element elementor-element-d232def   e-con-full e-flex e-con e-child" data-id="d232def" data-element_type="container" data-e-type="container">
				<div class="elementor-element elementor-element-e364a69 texto-columnas elementor-widget elementor-widget-text-editor" data-id="e364a69" data-element_type="widget" data-e-type="widget" data-widget_type="text-editor.default">
				<div class="elementor-widget-container">
									<p>Le passé historique de cette ville remonte au IVᵉ siècle av. J.-C., lorsque les Ibères ont découvert les avantages de s’installer à cet endroit, au bord de la rivière Segre. Depuis, de nombreuses civilisations y ont laissé leur empreinte. La Vieille Cathédrale de Lleida (Seu Vella) a commencé à être construite au XIIIᵉ siècle, à l’emplacement d’une ancienne mosquée musulmane. Ce monument est le symbole de la ville et son repère le plus reconnaissable, puisqu’il se dresse au point le plus haut. De plus, en vous promenant dans le centre historique, vous verrez que ce quartier conserve encore des bâtiments de l’époque moderniste. Une belle vitrine de gastronomie méditerranéenne et de fantastiques paysages naturels fait de Lleida une destination parfaite.     </p>
<br><div class="contenedor-enlaces">
	<img decoding="async" src="https://spainbytrain.org/wp-content/themes/spainbytrain/img/icono-de-mas.png">
	<div class="enlaces">
 		<a href="https://www.turismedelleida.cat/" target="_blank" rel="noopener">turismedelleida.cat</a>
	</div>
</div>								</div>
				</div>
				</div>
		<div class="elementor-element elementor-element-93a45b4 e-con-full paddingImprescindible e-flex e-con e-child" data-id="93a45b4" data-element_type="container" data-e-type="container" id="containImprescindible">
				<div class="elementor-element elementor-element-062bc8e titulo-imprescindibles e-transform elementor-widget elementor-widget-heading" data-id="062bc8e" data-element_type="widget" data-e-type="widget" data-settings="{&quot;_transform_scale_effect&quot;:{&quot;unit&quot;:&quot;px&quot;,&quot;size&quot;:&quot;1&quot;,&quot;sizes&quot;:[]},&quot;_transform_scale_effect_tablet&quot;:{&quot;unit&quot;:&quot;px&quot;,&quot;size&quot;:&quot;&quot;,&quot;sizes&quot;:[]},&quot;_transform_scale_effect_mobile&quot;:{&quot;unit&quot;:&quot;px&quot;,&quot;size&quot;:&quot;&quot;,&quot;sizes&quot;:[]}}" data-widget_type="heading.default">
				<div class="elementor-widget-container">
					<h1 class="elementor-heading-title elementor-size-default">Incontournables</h1>				</div>
				</div>
				<div class="elementor-element elementor-element-026f4d2 flecha elementor-widget elementor-widget-image" data-id="026f4d2" data-element_type="widget" data-e-type="widget" data-widget_type="image.default">
				<div class="elementor-widget-container">
															<img decoding="async" src="https://spainbytrain.org/wp-content/uploads/sites/17/elementor/thumbs/icono-flechaAbajo-r45dq4d0ug9renwown1dmgena0kljy5botiq78ifww.png" title="icono-flechaAbajo" alt="icono-flechaAbajo" loading="lazy" />															</div>
				</div>
				</div>
				</div>
		<div class="elementor-element elementor-element-f7c4296 boldest_map_destino_wrapper e-flex e-con-boxed e-con e-parent" data-id="f7c4296" data-element_type="container" data-e-type="container">
					<div class="e-con-inner">
				<div class="elementor-element elementor-element-0199457 boldest_map_destino elementor-widget elementor-widget-html" data-id="0199457" data-element_type="widget" data-e-type="widget" data-widget_type="html.default">
				<div class="elementor-widget-container">
					<div id="bWidgetMap" integration="segment" topheight="40" btncolor="#F1392D" showcurtain="true" showbuttons="true" viewmaptext="MAPA CIUDAD" parenturiprefix="bwidget:" ignorebottomcontent="true" embedurl="https://maps.spainbytrain.org" embedmainuri="/fr/lleida_495" mapscrollwheel="false" onfocus="" onfocusout=""></div>
    <script type="text/javascript" src="https://maps.spainbytrain.org/embed.js"></script>
    
				</div>
				</div>
					</div>
				</div>
				</div>

<p>Lleida EXPÉRIENCES BILLETS DE TRAIN Le passé historique de cette ville remonte au IVᵉ siècle av. J.-C., lorsque les Ibères ont découvert les avantages de s’installer à cet endroit, au bord de la rivière Segre. Depuis, de nombreuses civilisations y ont laissé leur empreinte. La Vieille Cathédrale de Lleida (Seu Vella) a commencé à être [&hellip;]</p>
