{"id":3792,"date":"2025-11-20T15:49:01","date_gmt":"2025-11-20T14:49:01","guid":{"rendered":"https:\/\/spainbytrain.org\/cuenca\/"},"modified":"2025-11-25T10:08:20","modified_gmt":"2025-11-25T09:08:20","slug":"cuenca","status":"publish","type":"page","link":"https:\/\/spainbytrain.org\/fr\/cuenca\/","title":{"rendered":"Cuenca"},"content":{"rendered":"\t\t<div data-elementor-type=\"wp-page\" data-elementor-id=\"3792\" class=\"elementor elementor-3792 elementor-772\">\n\t\t\t\t<div class=\"elementor-element elementor-element-c3948d0 contenedor-imagen e-flex e-con-boxed e-con e-parent\" data-id=\"c3948d0\" data-element_type=\"container\" data-e-type=\"container\" data-settings=\"{&quot;background_background&quot;:&quot;video&quot;,&quot;background_video_link&quot;:&quot;https:\\\/\\\/www.youtube.com\\\/watch?v=VXhtthVDN_E&quot;,&quot;background_play_on_mobile&quot;:&quot;yes&quot;}\">\n\t\t\t\t\t<div class=\"e-con-inner\">\n\t\t<div class=\"elementor-background-video-container\">\n\t\t\t\t\t\t\t<div class=\"elementor-background-video-embed\" role=\"presentation\"><\/div>\n\t\t\t\t\t\t<\/div><div class=\"elementor-element elementor-element-7e10ed1 texto-encima e-flex e-con-boxed e-con e-child\" data-id=\"7e10ed1\" data-element_type=\"container\" data-e-type=\"container\" data-settings=\"{&quot;position&quot;:&quot;absolute&quot;}\">\n\t\t\t\t\t<div class=\"e-con-inner\">\n\t\t\t\t<div class=\"elementor-element elementor-element-41aff81 elementor-widget elementor-widget-heading\" data-id=\"41aff81\" data-element_type=\"widget\" data-e-type=\"widget\" data-widget_type=\"heading.default\">\n\t\t\t\t<div class=\"elementor-widget-container\">\n\t\t\t\t\t<h1 class=\"elementor-heading-title elementor-size-default\">Cuenca<\/h1>\t\t\t\t<\/div>\n\t\t\t\t<\/div>\n\t\t\t\t<div class=\"elementor-element elementor-element-4fa3ece elementor-widget elementor-widget-text-editor\" data-id=\"4fa3ece\" data-element_type=\"widget\" data-e-type=\"widget\" data-widget_type=\"text-editor.default\">\n\t\t\t\t<div class=\"elementor-widget-container\">\n\t\t\t\t\t\t\t\t\t<a class=\"boton\" href=\"https:\/\/www.civitatis.com\/es\/cuenca\/?aid=108634\" target=\"_blank\" rel=\"noopener\">EXP\u00c9RIENCES <img decoding=\"async\" class=\"icono-flecha\" src=\"https:\/\/spainbytrain.org\/wp-content\/themes\/spainbytrain\/img\/icono-flecha.png\" alt=\"flecha\"> <img decoding=\"async\" class=\"logo-civitatis\" src=\"https:\/\/spainbytrain.org\/wp-content\/themes\/spainbytrain\/img\/civitatis_logo.png\" alt=\"civitatis\"><\/a>\n<a class=\"boton\" href=\"https:\/\/www.thetrainline.com\/es\" target=\"_blank\" rel=\"noopener\">\n BILLETS\n<img decoding=\"async\" class=\"logo-trainline\" src=\"https:\/\/spainbytrain.org\/wp-content\/uploads\/sites\/17\/2025\/11\/trainline-green-vectorial.png\" alt=\"Ligne de train\"> DE TRAIN\n\n<img decoding=\"async\" class=\"icono-flecha\" src=\"https:\/\/spainbytrain.org\/wp-content\/themes\/spainbytrain\/img\/icono-flecha.png\" alt=\"flecha\">        <\/a> \t\t\t\t\t\t\t\t<\/div>\n\t\t\t\t<\/div>\n\t\t\t\t\t<\/div>\n\t\t\t\t<\/div>\n\t\t\t\t\t<\/div>\n\t\t\t\t<\/div>\n\t\t<div class=\"elementor-element elementor-element-b810104 e-con-full container-texto-ciudades e-flex e-con e-parent\" data-id=\"b810104\" data-element_type=\"container\" data-e-type=\"container\">\n\t\t<div class=\"elementor-element elementor-element-f15d313   e-con-full e-flex e-con e-child\" data-id=\"f15d313\" data-element_type=\"container\" data-e-type=\"container\">\n\t\t\t\t<div class=\"elementor-element elementor-element-41a43c1 texto-columnas elementor-widget elementor-widget-text-editor\" data-id=\"41a43c1\" data-element_type=\"widget\" data-e-type=\"widget\" data-widget_type=\"text-editor.default\">\n\t\t\t\t<div class=\"elementor-widget-container\">\n\t\t\t\t\t\t\t\t\t<p>Cuenca, situ\u00e9e en Castille-La Manche, est une ville c\u00e9l\u00e8bre pour son impressionnant centre historique, class\u00e9 au Patrimoine mondial. Les Maisons Suspendues, construites au bord d\u2019un pr\u00e9cipice, et la Cath\u00e9drale Notre-Dame-de-Gr\u00e2ce, excellent exemple d\u2019architecture gothique, y sont particuli\u00e8rement remarquables. La ville abrite \u00e9galement des mus\u00e9es comme le Mus\u00e9e d\u2019Art Abstrait Espagnol. Aux alentours, le Parc naturel de la Serran\u00eda de Cuenca offre des paysages uniques et des sentiers de randonn\u00e9e. Cuenca est une destination id\u00e9ale pour ceux qui recherchent histoire, art et nature, avec une riche gastronomie qui comprend des plats comme le morteruelo et l\u2019ajoarriero.    <\/p>\n<br><div class=\"contenedor-enlaces\">\n\t<img decoding=\"async\" src=\"https:\/\/spainbytrain.org\/wp-content\/themes\/spainbytrain\/img\/icono-de-mas.png\"> \n\t<div class=\"enlaces\">\n\t\t<a href=\"https:\/\/visitacuenca.es\/\" target=\"_blank\" rel=\"noopener\">visitacuenca.es<\/a><\/p>\n\t<\/div>\n<\/div>\t\t\t\t\t\t\t\t<\/div>\n\t\t\t\t<\/div>\n\t\t\t\t<\/div>\n\t\t<div class=\"elementor-element elementor-element-afdbd03 e-con-full paddingImprescindible e-flex e-con e-child\" data-id=\"afdbd03\" data-element_type=\"container\" data-e-type=\"container\" id=\"containImprescindible\">\n\t\t\t\t<div class=\"elementor-element elementor-element-43ad535 titulo-imprescindibles e-transform elementor-widget elementor-widget-heading\" data-id=\"43ad535\" data-element_type=\"widget\" data-e-type=\"widget\" data-settings=\"{&quot;_transform_scale_effect&quot;:{&quot;unit&quot;:&quot;px&quot;,&quot;size&quot;:&quot;1&quot;,&quot;sizes&quot;:[]},&quot;_transform_scale_effect_tablet&quot;:{&quot;unit&quot;:&quot;px&quot;,&quot;size&quot;:&quot;&quot;,&quot;sizes&quot;:[]},&quot;_transform_scale_effect_mobile&quot;:{&quot;unit&quot;:&quot;px&quot;,&quot;size&quot;:&quot;&quot;,&quot;sizes&quot;:[]}}\" data-widget_type=\"heading.default\">\n\t\t\t\t<div class=\"elementor-widget-container\">\n\t\t\t\t\t<h1 class=\"elementor-heading-title elementor-size-default\">Incontournables<\/h1>\t\t\t\t<\/div>\n\t\t\t\t<\/div>\n\t\t\t\t<div class=\"elementor-element elementor-element-3dc201a flecha elementor-widget elementor-widget-image\" data-id=\"3dc201a\" data-element_type=\"widget\" data-e-type=\"widget\" data-widget_type=\"image.default\">\n\t\t\t\t<div class=\"elementor-widget-container\">\n\t\t\t\t\t\t\t\t\t\t\t\t\t\t\t<img decoding=\"async\" src=\"https:\/\/spainbytrain.org\/wp-content\/uploads\/sites\/17\/elementor\/thumbs\/icono-flechaAbajo-r45dq4d0ug9renwown1dmgena0kljy5botiq78ifww.png\" title=\"icono-flechaAbajo\" alt=\"icono-flechaAbajo\" loading=\"lazy\" \/>\t\t\t\t\t\t\t\t\t\t\t\t\t\t\t<\/div>\n\t\t\t\t<\/div>\n\t\t\t\t<\/div>\n\t\t\t\t<\/div>\n\t\t<div class=\"elementor-element elementor-element-18fee7c boldest_map_destino_wrapper e-flex e-con-boxed e-con e-parent\" data-id=\"18fee7c\" data-element_type=\"container\" data-e-type=\"container\">\n\t\t\t\t\t<div class=\"e-con-inner\">\n\t\t\t\t<div class=\"elementor-element elementor-element-7d80938 boldest_map_destino elementor-widget elementor-widget-html\" data-id=\"7d80938\" data-element_type=\"widget\" data-e-type=\"widget\" data-widget_type=\"html.default\">\n\t\t\t\t<div class=\"elementor-widget-container\">\n\t\t\t\t\t<div id=\"bWidgetMap\" integration=\"segment\" topheight=\"40\" btncolor=\"#F1392D\" showcurtain=\"true\" showbuttons=\"true\" viewmaptext=\"MAPA CIUDAD\" parenturiprefix=\"bwidget:\" ignorebottomcontent=\"true\" embedurl=\"https:\/\/maps.spainbytrain.org\" embedmainuri=\"\/fr\/cuenca\" mapscrollwheel=\"false\" onfocus=\"\" onfocusout=\"\"><\/div>\r\n    <script type=\"text\/javascript\" src=\"https:\/\/maps.spainbytrain.org\/embed.js\"><\/script>\r\n\t\t\t\t<\/div>\n\t\t\t\t<\/div>\n\t\t\t\t\t<\/div>\n\t\t\t\t<\/div>\n\t\t\t\t<\/div>\n\t\t","protected":false},"excerpt":{"rendered":"<p>Cuenca EXP\u00c9RIENCES BILLETS DE TRAIN Cuenca, situ\u00e9e en Castille-La Manche, est une ville c\u00e9l\u00e8bre pour son impressionnant centre historique, class\u00e9 au Patrimoine mondial. Les Maisons Suspendues, construites au bord d\u2019un pr\u00e9cipice, et la Cath\u00e9drale Notre-Dame-de-Gr\u00e2ce, excellent exemple d\u2019architecture gothique, y sont particuli\u00e8rement remarquables. La ville abrite \u00e9galement des mus\u00e9es comme le Mus\u00e9e d\u2019Art Abstrait Espagnol. [&hellip;]<\/p>\n","protected":false},"author":2985,"featured_media":0,"parent":0,"menu_order":0,"comment_status":"closed","ping_status":"closed","template":"","meta":{"inline_featured_image":false,"footnotes":""},"class_list":["post-3792","page","type-page","status-publish","hentry"],"_links":{"self":[{"href":"https:\/\/spainbytrain.org\/fr\/wp-json\/wp\/v2\/pages\/3792","targetHints":{"allow":["GET"]}}],"collection":[{"href":"https:\/\/spainbytrain.org\/fr\/wp-json\/wp\/v2\/pages"}],"about":[{"href":"https:\/\/spainbytrain.org\/fr\/wp-json\/wp\/v2\/types\/page"}],"author":[{"embeddable":true,"href":"https:\/\/spainbytrain.org\/fr\/wp-json\/wp\/v2\/users\/2985"}],"replies":[{"embeddable":true,"href":"https:\/\/spainbytrain.org\/fr\/wp-json\/wp\/v2\/comments?post=3792"}],"version-history":[{"count":6,"href":"https:\/\/spainbytrain.org\/fr\/wp-json\/wp\/v2\/pages\/3792\/revisions"}],"predecessor-version":[{"id":4206,"href":"https:\/\/spainbytrain.org\/fr\/wp-json\/wp\/v2\/pages\/3792\/revisions\/4206"}],"wp:attachment":[{"href":"https:\/\/spainbytrain.org\/fr\/wp-json\/wp\/v2\/media?parent=3792"}],"curies":[{"name":"wp","href":"https:\/\/api.w.org\/{rel}","templated":true}]}}

<div data-elementor-type="wp-page" data-elementor-id="3792" class="elementor elementor-3792 elementor-772">
				<div class="elementor-element elementor-element-c3948d0 contenedor-imagen e-flex e-con-boxed e-con e-parent" data-id="c3948d0" data-element_type="container" data-e-type="container" data-settings="{&quot;background_background&quot;:&quot;video&quot;,&quot;background_video_link&quot;:&quot;https:\/\/www.youtube.com\/watch?v=VXhtthVDN_E&quot;,&quot;background_play_on_mobile&quot;:&quot;yes&quot;}">
					<div class="e-con-inner">
		<div class="elementor-background-video-container">
							<div class="elementor-background-video-embed" role="presentation"></div>
						</div><div class="elementor-element elementor-element-7e10ed1 texto-encima e-flex e-con-boxed e-con e-child" data-id="7e10ed1" data-element_type="container" data-e-type="container" data-settings="{&quot;position&quot;:&quot;absolute&quot;}">
					<div class="e-con-inner">
				<div class="elementor-element elementor-element-41aff81 elementor-widget elementor-widget-heading" data-id="41aff81" data-element_type="widget" data-e-type="widget" data-widget_type="heading.default">
				<div class="elementor-widget-container">
					<h1 class="elementor-heading-title elementor-size-default">Cuenca</h1>				</div>
				</div>
				<div class="elementor-element elementor-element-4fa3ece elementor-widget elementor-widget-text-editor" data-id="4fa3ece" data-element_type="widget" data-e-type="widget" data-widget_type="text-editor.default">
				<div class="elementor-widget-container">
									<a class="boton" href="https://www.civitatis.com/es/cuenca/?aid=108634" target="_blank" rel="noopener">EXPÉRIENCES <img decoding="async" class="icono-flecha" src="https://spainbytrain.org/wp-content/themes/spainbytrain/img/icono-flecha.png" alt="flecha"> <img decoding="async" class="logo-civitatis" src="https://spainbytrain.org/wp-content/themes/spainbytrain/img/civitatis_logo.png" alt="civitatis"></a>
<a class="boton" href="https://www.thetrainline.com/es" target="_blank" rel="noopener">
 BILLETS
<img decoding="async" class="logo-trainline" src="https://spainbytrain.org/wp-content/uploads/sites/17/2025/11/trainline-green-vectorial.png" alt="Ligne de train"> DE TRAIN

<img decoding="async" class="icono-flecha" src="https://spainbytrain.org/wp-content/themes/spainbytrain/img/icono-flecha.png" alt="flecha">        </a> 								</div>
				</div>
					</div>
				</div>
					</div>
				</div>
		<div class="elementor-element elementor-element-b810104 e-con-full container-texto-ciudades e-flex e-con e-parent" data-id="b810104" data-element_type="container" data-e-type="container">
		<div class="elementor-element elementor-element-f15d313   e-con-full e-flex e-con e-child" data-id="f15d313" data-element_type="container" data-e-type="container">
				<div class="elementor-element elementor-element-41a43c1 texto-columnas elementor-widget elementor-widget-text-editor" data-id="41a43c1" data-element_type="widget" data-e-type="widget" data-widget_type="text-editor.default">
				<div class="elementor-widget-container">
									<p>Cuenca, située en Castille-La Manche, est une ville célèbre pour son impressionnant centre historique, classé au Patrimoine mondial. Les Maisons Suspendues, construites au bord d’un précipice, et la Cathédrale Notre-Dame-de-Grâce, excellent exemple d’architecture gothique, y sont particulièrement remarquables. La ville abrite également des musées comme le Musée d’Art Abstrait Espagnol. Aux alentours, le Parc naturel de la Serranía de Cuenca offre des paysages uniques et des sentiers de randonnée. Cuenca est une destination idéale pour ceux qui recherchent histoire, art et nature, avec une riche gastronomie qui comprend des plats comme le morteruelo et l’ajoarriero.    </p>
<br><div class="contenedor-enlaces">
	<img decoding="async" src="https://spainbytrain.org/wp-content/themes/spainbytrain/img/icono-de-mas.png"> 
	<div class="enlaces">
		<a href="https://visitacuenca.es/" target="_blank" rel="noopener">visitacuenca.es</a></p>
	</div>
</div>								</div>
				</div>
				</div>
		<div class="elementor-element elementor-element-afdbd03 e-con-full paddingImprescindible e-flex e-con e-child" data-id="afdbd03" data-element_type="container" data-e-type="container" id="containImprescindible">
				<div class="elementor-element elementor-element-43ad535 titulo-imprescindibles e-transform elementor-widget elementor-widget-heading" data-id="43ad535" data-element_type="widget" data-e-type="widget" data-settings="{&quot;_transform_scale_effect&quot;:{&quot;unit&quot;:&quot;px&quot;,&quot;size&quot;:&quot;1&quot;,&quot;sizes&quot;:[]},&quot;_transform_scale_effect_tablet&quot;:{&quot;unit&quot;:&quot;px&quot;,&quot;size&quot;:&quot;&quot;,&quot;sizes&quot;:[]},&quot;_transform_scale_effect_mobile&quot;:{&quot;unit&quot;:&quot;px&quot;,&quot;size&quot;:&quot;&quot;,&quot;sizes&quot;:[]}}" data-widget_type="heading.default">
				<div class="elementor-widget-container">
					<h1 class="elementor-heading-title elementor-size-default">Incontournables</h1>				</div>
				</div>
				<div class="elementor-element elementor-element-3dc201a flecha elementor-widget elementor-widget-image" data-id="3dc201a" data-element_type="widget" data-e-type="widget" data-widget_type="image.default">
				<div class="elementor-widget-container">
															<img decoding="async" src="https://spainbytrain.org/wp-content/uploads/sites/17/elementor/thumbs/icono-flechaAbajo-r45dq4d0ug9renwown1dmgena0kljy5botiq78ifww.png" title="icono-flechaAbajo" alt="icono-flechaAbajo" loading="lazy" />															</div>
				</div>
				</div>
				</div>
		<div class="elementor-element elementor-element-18fee7c boldest_map_destino_wrapper e-flex e-con-boxed e-con e-parent" data-id="18fee7c" data-element_type="container" data-e-type="container">
					<div class="e-con-inner">
				<div class="elementor-element elementor-element-7d80938 boldest_map_destino elementor-widget elementor-widget-html" data-id="7d80938" data-element_type="widget" data-e-type="widget" data-widget_type="html.default">
				<div class="elementor-widget-container">
					<div id="bWidgetMap" integration="segment" topheight="40" btncolor="#F1392D" showcurtain="true" showbuttons="true" viewmaptext="MAPA CIUDAD" parenturiprefix="bwidget:" ignorebottomcontent="true" embedurl="https://maps.spainbytrain.org" embedmainuri="/fr/cuenca" mapscrollwheel="false" onfocus="" onfocusout=""></div>
    <script type="text/javascript" src="https://maps.spainbytrain.org/embed.js"></script>
				</div>
				</div>
					</div>
				</div>
				</div>

<p>Cuenca EXPÉRIENCES BILLETS DE TRAIN Cuenca, située en Castille-La Manche, est une ville célèbre pour son impressionnant centre historique, classé au Patrimoine mondial. Les Maisons Suspendues, construites au bord d’un précipice, et la Cathédrale Notre-Dame-de-Grâce, excellent exemple d’architecture gothique, y sont particulièrement remarquables. La ville abrite également des musées comme le Musée d’Art Abstrait Espagnol. [&hellip;]</p>
